Last updated on 2025-07-05 04:50:22 CEST.
Flavor | Version | Tinstall | Tcheck | Ttotal | Status | Flags |
---|---|---|---|---|---|---|
r-devel-linux-x86_64-debian-clang | 0.1.11 | 117.84 | 336.41 | 454.25 | OK | |
r-devel-linux-x86_64-debian-gcc | 0.1.11 | 96.30 | 201.00 | 297.30 | OK | |
r-devel-linux-x86_64-fedora-clang | 0.1.11 | 749.11 | OK | |||
r-devel-linux-x86_64-fedora-gcc | 0.1.11 | 779.37 | OK | |||
r-devel-windows-x86_64 | 0.1.11 | 128.00 | 291.00 | 419.00 | OK | |
r-patched-linux-x86_64 | 0.1.11 | 138.83 | 306.42 | 445.25 | OK | |
r-release-linux-x86_64 | 0.1.11 | 132.40 | 307.36 | 439.76 | OK | |
r-release-macos-arm64 | 0.1.11 | 157.00 | OK | |||
r-release-macos-x86_64 | 0.1.11 | 350.00 | OK | |||
r-release-windows-x86_64 | 0.1.11 | 127.00 | 304.00 | 431.00 | OK | |
r-oldrel-macos-arm64 | 0.1.11 | 175.00 | NOTE | |||
r-oldrel-macos-x86_64 | 0.1.11 | 398.00 | NOTE | |||
r-oldrel-windows-x86_64 | 0.1.11 | 157.00 | 422.00 | 579.00 | OK |
Version: 0.1.11
Check: installed package size
Result: NOTE
installed size is 35.6Mb
sub-directories of 1Mb or more:
libs 34.5Mb
Flavors: r-oldrel-macos-arm64, r-oldrel-macos-x86_64