CRAN Package Check Results for Package PCRA

Last updated on 2025-02-22 05:51:46 CET.

Flavor Version Tinstall Tcheck Ttotal Status Flags
r-devel-linux-x86_64-debian-clang 1.2 18.53 62.51 81.04 NOTE
r-devel-linux-x86_64-debian-gcc 1.2 13.40 43.82 57.22 NOTE
r-devel-linux-x86_64-fedora-clang 1.2 128.85 NOTE
r-devel-linux-x86_64-fedora-gcc 1.2 136.11 NOTE
r-devel-macos-arm64 1.2 46.00 NOTE
r-devel-macos-x86_64 1.2 85.00 NOTE
r-devel-windows-x86_64 1.2 18.00 92.00 110.00 NOTE
r-patched-linux-x86_64 1.2 17.04 56.33 73.37 NOTE
r-release-linux-x86_64 1.2 16.22 57.35 73.57 NOTE
r-release-macos-arm64 1.2 45.00 NOTE
r-release-macos-x86_64 1.2 61.00 NOTE
r-release-windows-x86_64 1.2 20.00 86.00 106.00 NOTE
r-oldrel-macos-arm64 1.2 46.00 OK
r-oldrel-macos-x86_64 1.2 82.00 OK
r-oldrel-windows-x86_64 1.2 23.00 98.00 121.00 OK

Check Details

Version: 1.2
Check: Rd files
Result: NOTE checkRd: (-1) getPCRAData.Rd:28: Lost braces in \itemize; meant \describe ? checkRd: (-1) getPCRAData.Rd:29: Lost braces in \itemize; meant \describe ? Flavors: r-devel-linux-x86_64-debian-clang, r-devel-linux-x86_64-debian-gcc, r-devel-linux-x86_64-fedora-clang, r-devel-linux-x86_64-fedora-gcc, r-devel-macos-arm64, r-devel-macos-x86_64, r-devel-windows-x86_64, r-patched-linux-x86_64, r-release-linux-x86_64, r-release-macos-arm64, r-release-macos-x86_64, r-release-windows-x86_64

Version: 1.2
Check: for unstated dependencies in ‘demo’
Result: NOTE '::' or ':::' imports not declared from: ‘MASS’ ‘tensr’ 'library' or 'require' calls not declared from: ‘MASS’ ‘facmodCS’ ‘fit.models’ ‘sandwich’ Flavors: r-devel-linux-x86_64-debian-clang, r-devel-linux-x86_64-debian-gcc