CRAN Package Check Results for Package PCRA

Last updated on 2025-04-30 04:50:14 CEST.

Flavor Version Tinstall Tcheck Ttotal Status Flags
r-devel-linux-x86_64-debian-clang 1.2 16.65 65.22 81.87 NOTE
r-devel-linux-x86_64-debian-gcc 1.2 12.63 44.45 57.08 NOTE
r-devel-linux-x86_64-fedora-clang 1.2 129.65 NOTE
r-devel-linux-x86_64-fedora-gcc 1.2 133.68 NOTE
r-devel-windows-x86_64 1.2 20.00 88.00 108.00 NOTE
r-patched-linux-x86_64 1.2 16.32 60.28 76.60 NOTE
r-release-linux-x86_64 1.2 15.62 58.79 74.41 NOTE
r-release-macos-arm64 1.2 49.00 NOTE
r-release-macos-x86_64 1.2 86.00 NOTE
r-release-windows-x86_64 1.2 19.00 87.00 106.00 NOTE
r-oldrel-macos-arm64 1.2 45.00 NOTE
r-oldrel-macos-x86_64 1.2 61.00 NOTE
r-oldrel-windows-x86_64 1.2 23.00 103.00 126.00 NOTE

Check Details

Version: 1.2
Check: Rd files
Result: NOTE checkRd: (-1) getPCRAData.Rd:28: Lost braces in \itemize; meant \describe ? checkRd: (-1) getPCRAData.Rd:29: Lost braces in \itemize; meant \describe ? Flavors: r-devel-linux-x86_64-debian-clang, r-devel-linux-x86_64-debian-gcc, r-devel-linux-x86_64-fedora-clang, r-devel-linux-x86_64-fedora-gcc, r-devel-windows-x86_64, r-patched-linux-x86_64, r-release-linux-x86_64, r-release-macos-arm64, r-release-macos-x86_64, r-release-windows-x86_64, r-oldrel-macos-arm64, r-oldrel-macos-x86_64, r-oldrel-windows-x86_64

Version: 1.2
Check: for unstated dependencies in ‘demo’
Result: NOTE '::' or ':::' imports not declared from: ‘MASS’ ‘tensr’ 'library' or 'require' calls not declared from: ‘MASS’ ‘facmodCS’ ‘fit.models’ ‘sandwich’ Flavors: r-devel-linux-x86_64-debian-clang, r-devel-linux-x86_64-debian-gcc, r-patched-linux-x86_64, r-release-linux-x86_64