CRAN Package Check Results for Package PCSinR

Last updated on 2025-07-06 04:48:45 CEST.

Flavor Version Tinstall Tcheck Ttotal Status Flags
r-devel-linux-x86_64-debian-clang 0.1.0 1.75 19.74 21.49 NOTE
r-devel-linux-x86_64-debian-gcc 0.1.0 1.39 17.02 18.41 NOTE
r-devel-linux-x86_64-fedora-clang 0.1.0 33.49 NOTE
r-devel-linux-x86_64-fedora-gcc 0.1.0 30.52 NOTE
r-devel-windows-x86_64 0.1.0 2.00 40.00 42.00 NOTE
r-patched-linux-x86_64 0.1.0 1.69 17.58 19.27 NOTE
r-release-linux-x86_64 0.1.0 1.68 17.51 19.19 NOTE
r-release-macos-arm64 0.1.0 17.00 NOTE
r-release-macos-x86_64 0.1.0 24.00 NOTE
r-release-windows-x86_64 0.1.0 3.00 40.00 43.00 NOTE
r-oldrel-macos-arm64 0.1.0 13.00 NOTE
r-oldrel-macos-x86_64 0.1.0 19.00 NOTE
r-oldrel-windows-x86_64 0.1.0 3.00 44.00 47.00 NOTE

Check Details

Version: 0.1.0
Check: package subdirectories
Result: NOTE Problems with news in ‘NEWS.md’: No news entries found. Flavors: r-devel-linux-x86_64-debian-clang, r-devel-linux-x86_64-debian-gcc, r-devel-linux-x86_64-fedora-clang, r-devel-linux-x86_64-fedora-gcc, r-devel-windows-x86_64, r-patched-linux-x86_64, r-release-linux-x86_64, r-release-macos-arm64, r-release-macos-x86_64, r-release-windows-x86_64, r-oldrel-macos-arm64, r-oldrel-macos-x86_64, r-oldrel-windows-x86_64

Version: 0.1.0
Check: LazyData
Result: NOTE 'LazyData' is specified without a 'data' directory Flavors: r-oldrel-macos-arm64, r-oldrel-macos-x86_64, r-oldrel-windows-x86_64