CRAN Package Check Results for Package PCovR

Last updated on 2025-04-30 04:50:14 CEST.

Flavor Version Tinstall Tcheck Ttotal Status Flags
r-devel-linux-x86_64-debian-clang 2.7.2 7.51 56.80 64.31 NOTE
r-devel-linux-x86_64-debian-gcc 2.7.2 5.32 42.09 47.41 NOTE
r-devel-linux-x86_64-fedora-clang 2.7.2 99.62 OK
r-devel-linux-x86_64-fedora-gcc 2.7.2 95.69 OK
r-devel-windows-x86_64 2.7.2 8.00 74.00 82.00 OK
r-patched-linux-x86_64 2.7.2 6.84 54.37 61.21 OK
r-release-linux-x86_64 2.7.2 6.10 54.64 60.74 OK
r-release-macos-arm64 2.7.2 36.00 OK
r-release-macos-x86_64 2.7.2 58.00 OK
r-release-windows-x86_64 2.7.2 8.00 73.00 81.00 OK
r-oldrel-macos-arm64 2.7.2 31.00 OK
r-oldrel-macos-x86_64 2.7.2 46.00 OK
r-oldrel-windows-x86_64 2.7.2 9.00 81.00 90.00 OK

Check Details

Version: 2.7.2
Check: CRAN incoming feasibility
Result: NOTE Maintainer: ‘Kristof Meers <kristof.meers+cran@kuleuven.be>’ No Authors@R field in DESCRIPTION. Please add one, modifying Authors@R: c(person(given = "Marlies", family = "Vervloet", role = c("aut", "cre")), person(given = "Henk", family = "Kiers", role = "aut"), person(given = "Eva", family = "Ceulemans", role = "ctb"), person(given = "Kristof", family = "Meers", role = "cre", email = "kristof.meers+cran@kuleuven.be")) as necessary. Flavors: r-devel-linux-x86_64-debian-clang, r-devel-linux-x86_64-debian-gcc