CRAN Package Check Results for Package PDSCE

Last updated on 2025-04-30 04:50:14 CEST.

Flavor Version Tinstall Tcheck Ttotal Status Flags
r-devel-linux-x86_64-debian-clang 1.2.1 2.60 19.21 21.81 NOTE
r-devel-linux-x86_64-debian-gcc 1.2.1 1.94 15.19 17.13 NOTE
r-devel-linux-x86_64-fedora-clang 1.2.1 34.00 NOTE
r-devel-linux-x86_64-fedora-gcc 1.2.1 32.61 NOTE
r-devel-windows-x86_64 1.2.1 6.00 38.00 44.00 OK
r-patched-linux-x86_64 1.2.1 2.60 18.44 21.04 OK
r-release-linux-x86_64 1.2.1 2.39 18.08 20.47 OK
r-release-macos-arm64 1.2.1 15.00 OK
r-release-macos-x86_64 1.2.1 25.00 OK
r-release-windows-x86_64 1.2.1 5.00 39.00 44.00 OK
r-oldrel-macos-arm64 1.2.1 16.00 OK
r-oldrel-macos-x86_64 1.2.1 20.00 OK
r-oldrel-windows-x86_64 1.2.1 5.00 38.00 43.00 OK

Check Details

Version: 1.2.1
Check: CRAN incoming feasibility
Result: NOTE Maintainer: ‘Adam J. Rothman <arothman@umn.edu>’ No Authors@R field in DESCRIPTION. Please add one, modifying Authors@R: person(given = c("Adam", "J."), family = "Rothman", role = c("aut", "cre"), email = "arothman@umn.edu") as necessary. Flavors: r-devel-linux-x86_64-debian-clang, r-devel-linux-x86_64-debian-gcc

Version: 1.2.1
Check: compiled code
Result: NOTE File ‘PDSCE/libs/PDSCE.so’: Found no calls to: ‘R_registerRoutines’, ‘R_useDynamicSymbols’ It is good practice to register native routines and to disable symbol search. See ‘Writing portable packages’ in the ‘Writing R Extensions’ manual. Flavors: r-devel-linux-x86_64-fedora-clang, r-devel-linux-x86_64-fedora-gcc