CRAN Package Check Results for Package PEIMAN2

Last updated on 2025-04-30 04:50:14 CEST.

Flavor Version Tinstall Tcheck Ttotal Status Flags
r-devel-linux-x86_64-debian-clang 1.0.0 27.58 338.62 366.20 OK
r-devel-linux-x86_64-debian-gcc 1.0.0 21.82 221.40 243.22 OK
r-devel-linux-x86_64-fedora-clang 1.0.0 542.04 OK
r-devel-linux-x86_64-fedora-gcc 1.0.0 550.89 OK
r-devel-windows-x86_64 1.0.0 31.00 247.00 278.00 OK
r-patched-linux-x86_64 1.0.0 27.40 323.99 351.39 OK
r-release-linux-x86_64 1.0.0 29.53 320.17 349.70 OK
r-release-macos-arm64 1.0.0 157.00 OK
r-release-macos-x86_64 1.0.0 361.00 OK
r-release-windows-x86_64 1.0.0 32.00 239.00 271.00 OK
r-oldrel-macos-arm64 1.0.0 152.00 NOTE
r-oldrel-macos-x86_64 1.0.0 354.00 NOTE
r-oldrel-windows-x86_64 1.0.0 36.00 384.00 420.00 OK

Check Details

Version: 1.0.0
Check: installed package size
Result: NOTE installed size is 5.2Mb sub-directories of 1Mb or more: R 4.1Mb Flavors: r-oldrel-macos-arm64, r-oldrel-macos-x86_64