Last updated on 2025-04-30 04:50:14 CEST.
Flavor | Version | Tinstall | Tcheck | Ttotal | Status | Flags |
---|---|---|---|---|---|---|
r-devel-linux-x86_64-debian-clang | 2.1 | 29.15 | 89.98 | 119.13 | NOTE | |
r-devel-linux-x86_64-debian-gcc | 2.1 | 22.05 | 63.02 | 85.07 | OK | |
r-devel-linux-x86_64-fedora-clang | 2.1 | 202.73 | OK | |||
r-devel-linux-x86_64-fedora-gcc | 2.1 | 199.43 | OK | |||
r-devel-windows-x86_64 | 2.1 | 36.00 | 148.00 | 184.00 | OK | |
r-patched-linux-x86_64 | 2.1 | 30.46 | 86.62 | 117.08 | OK | |
r-release-linux-x86_64 | 2.1 | 28.78 | 85.34 | 114.12 | OK | |
r-release-macos-arm64 | 2.1 | 73.00 | OK | |||
r-release-macos-x86_64 | 2.1 | 142.00 | OK | |||
r-release-windows-x86_64 | 2.1 | 38.00 | 137.00 | 175.00 | OK | |
r-oldrel-macos-arm64 | 2.1 | 222.00 | OK | |||
r-oldrel-macos-x86_64 | 2.1 | 258.00 | OK | |||
r-oldrel-windows-x86_64 | 2.1 | 41.00 | 164.00 | 205.00 | OK |
Version: 2.1
Check: examples
Result: NOTE
Examples with CPU (user + system) or elapsed time > 5s
user system elapsed
pep.lm 5.548 0.118 6.795
image.pep 3.527 0.110 5.022
Flavor: r-devel-linux-x86_64-debian-clang