Last updated on 2025-02-21 03:52:22 CET.
Flavor | Version | Tinstall | Tcheck | Ttotal | Status | Flags |
---|---|---|---|---|---|---|
r-devel-linux-x86_64-debian-clang | 1.1 | 4.17 | 109.91 | 114.08 | NOTE | |
r-devel-linux-x86_64-debian-gcc | 1.1 | 2.51 | 73.98 | 76.49 | NOTE | |
r-devel-linux-x86_64-fedora-clang | 1.1 | 183.18 | NOTE | |||
r-devel-linux-x86_64-fedora-gcc | 1.1 | 192.35 | NOTE | |||
r-devel-macos-arm64 | 1.1 | 53.00 | OK | |||
r-devel-macos-x86_64 | 1.1 | 128.00 | NOTE | |||
r-devel-windows-x86_64 | 1.1 | 6.00 | 117.00 | 123.00 | NOTE | |
r-patched-linux-x86_64 | 1.1 | 4.65 | 101.81 | 106.46 | OK | |
r-release-linux-x86_64 | 1.1 | 3.49 | 102.17 | 105.66 | OK | |
r-release-macos-arm64 | 1.1 | 67.00 | OK | |||
r-release-macos-x86_64 | 1.1 | 177.00 | OK | |||
r-release-windows-x86_64 | 1.1 | 6.00 | 115.00 | 121.00 | OK | |
r-oldrel-macos-arm64 | 1.1 | 86.00 | OK | |||
r-oldrel-macos-x86_64 | 1.1 | 170.00 | OK | |||
r-oldrel-windows-x86_64 | 1.1 | 7.00 | 146.00 | 153.00 | OK |
Version: 1.1
Check: DESCRIPTION meta-information
Result: NOTE
Missing dependency on R >= 4.1.0 because package code uses the pipe
|> or function shorthand \(...) syntax added in R 4.1.0.
File(s) using such syntax:
‘plot_station_step.R’
Flavors: r-devel-linux-x86_64-debian-clang, r-devel-linux-x86_64-debian-gcc, r-devel-linux-x86_64-fedora-clang, r-devel-linux-x86_64-fedora-gcc, r-devel-macos-x86_64, r-devel-windows-x86_64