CRAN Package Check Results for Package PHSMM

Last updated on 2025-04-30 04:50:14 CEST.

Flavor Version Tinstall Tcheck Ttotal Status Flags
r-devel-linux-x86_64-debian-clang 1.0 18.68 26.58 45.26 NOTE
r-devel-linux-x86_64-debian-gcc 1.0 13.58 20.72 34.30 NOTE
r-devel-linux-x86_64-fedora-clang 1.0 84.96 OK
r-devel-linux-x86_64-fedora-gcc 1.0 77.39 OK
r-devel-windows-x86_64 1.0 25.00 76.00 101.00 OK
r-patched-linux-x86_64 1.0 18.27 25.35 43.62 OK
r-release-linux-x86_64 1.0 19.02 25.36 44.38 OK
r-release-macos-arm64 1.0 28.00 OK
r-release-macos-x86_64 1.0 42.00 OK
r-release-windows-x86_64 1.0 25.00 76.00 101.00 OK
r-oldrel-macos-arm64 1.0 26.00 OK
r-oldrel-macos-x86_64 1.0 56.00 OK
r-oldrel-windows-x86_64 1.0 28.00 85.00 113.00 OK

Check Details

Version: 1.0
Check: CRAN incoming feasibility
Result: NOTE Maintainer: ‘Jennifer Pohle <jennifer.pohle@uni-bielefeld.de>’ No Authors@R field in DESCRIPTION. Please add one, modifying Authors@R: person(given = "Jennifer", family = "Pohle", role = c("aut", "cre"), email = "jennifer.pohle@uni-bielefeld.de") as necessary. The Description field contains hidden semi-Markov models. <arXiv:2101.09197>. Please refer to arXiv e-prints via their arXiv DOI <doi:10.48550/arXiv.YYMM.NNNNN>. Flavors: r-devel-linux-x86_64-debian-clang, r-devel-linux-x86_64-debian-gcc