Last updated on 2025-04-30 04:50:14 CEST.
Flavor | Version | Tinstall | Tcheck | Ttotal | Status | Flags |
---|---|---|---|---|---|---|
r-devel-linux-x86_64-debian-clang | 1.0 | 24.98 | 158.46 | 183.44 | NOTE | |
r-devel-linux-x86_64-debian-gcc | 1.0 | 15.28 | 100.51 | 115.79 | NOTE | |
r-devel-linux-x86_64-fedora-clang | 1.0 | 284.91 | OK | |||
r-devel-linux-x86_64-fedora-gcc | 1.0 | 280.72 | OK | |||
r-devel-windows-x86_64 | 1.0 | 23.00 | 161.00 | 184.00 | OK | |
r-patched-linux-x86_64 | 1.0 | 22.70 | 150.69 | 173.39 | OK | |
r-release-linux-x86_64 | 1.0 | 23.75 | 148.79 | 172.54 | OK | |
r-release-macos-arm64 | 1.0 | 80.00 | OK | |||
r-release-macos-x86_64 | 1.0 | 155.00 | OK | |||
r-release-windows-x86_64 | 1.0 | 23.00 | 157.00 | 180.00 | OK | |
r-oldrel-macos-arm64 | 1.0 | 65.00 | OK | |||
r-oldrel-macos-x86_64 | 1.0 | 112.00 | OK | |||
r-oldrel-windows-x86_64 | 1.0 | 28.00 | 209.00 | 237.00 | OK |
Version: 1.0
Check: CRAN incoming feasibility
Result: NOTE
Maintainer: ‘Chun Pan <chunpan2003@hotmail.com>’
No Authors@R field in DESCRIPTION.
Please add one, modifying
Authors@R: person(given = "Chun",
family = "Pan",
role = c("aut", "cre"),
email = "chunpan2003@hotmail.com")
as necessary.
Flavors: r-devel-linux-x86_64-debian-clang, r-devel-linux-x86_64-debian-gcc
Version: 1.0
Check: examples
Result: NOTE
Examples with CPU (user + system) or elapsed time > 5s
user system elapsed
clusterPIC_Z 8.499 0.000 10.493
clusterPIC_Z_DP 5.766 0.000 6.324
spatialPIC 5.655 0.000 7.474
clusterPIC_trt_DP 4.811 0.004 5.726
clusterPIC_trt 4.260 0.003 5.593
Flavor: r-devel-linux-x86_64-debian-clang
Version: 1.0
Check: examples
Result: NOTE
Examples with CPU (user + system) or elapsed time > 5s
user system elapsed
clusterPIC_Z 5.231 0.011 7.201
Flavor: r-devel-linux-x86_64-debian-gcc