Last updated on 2025-04-30 04:50:14 CEST.
Flavor | Version | Tinstall | Tcheck | Ttotal | Status | Flags |
---|---|---|---|---|---|---|
r-devel-linux-x86_64-debian-clang | 0.11.0 | 16.27 | 302.08 | 318.35 | NOTE | |
r-devel-linux-x86_64-debian-gcc | 0.11.0 | 9.22 | 199.88 | 209.10 | NOTE | |
r-devel-linux-x86_64-fedora-clang | 0.11.0 | 534.97 | NOTE | |||
r-devel-linux-x86_64-fedora-gcc | 0.11.0 | 513.56 | NOTE | |||
r-devel-windows-x86_64 | 0.11.0 | 18.00 | 287.00 | 305.00 | NOTE | |
r-patched-linux-x86_64 | 0.11.0 | 14.96 | 281.17 | 296.13 | NOTE | |
r-release-linux-x86_64 | 0.11.0 | 13.93 | 279.44 | 293.37 | NOTE | |
r-release-macos-arm64 | 0.11.0 | 123.00 | NOTE | |||
r-release-macos-x86_64 | 0.11.0 | 279.00 | NOTE | |||
r-release-windows-x86_64 | 0.11.0 | 19.00 | 286.00 | 305.00 | NOTE | |
r-oldrel-macos-arm64 | 0.11.0 | 138.00 | OK | |||
r-oldrel-macos-x86_64 | 0.11.0 | 355.00 | OK | |||
r-oldrel-windows-x86_64 | 0.11.0 | 21.00 | 375.00 | 396.00 | OK |
Version: 0.11.0
Check: DESCRIPTION meta-information
Result: NOTE
Missing dependency on R >= 4.1.0 because package code uses the pipe
|> or function shorthand \(...) syntax added in R 4.1.0.
File(s) using such syntax:
‘class-summary_PKNCAresults.R’
Flavors: r-devel-linux-x86_64-debian-clang, r-devel-linux-x86_64-debian-gcc, r-devel-linux-x86_64-fedora-clang, r-devel-linux-x86_64-fedora-gcc, r-devel-windows-x86_64, r-patched-linux-x86_64, r-release-linux-x86_64, r-release-macos-arm64, r-release-macos-x86_64, r-release-windows-x86_64