CRAN Package Check Results for Package PLSiMCpp

Last updated on 2025-04-30 04:50:14 CEST.

Flavor Version Tinstall Tcheck Ttotal Status Flags
r-devel-linux-x86_64-debian-clang 1.0.4 36.90 50.09 86.99 NOTE
r-devel-linux-x86_64-debian-gcc 1.0.4 27.74 35.92 63.66 NOTE
r-devel-linux-x86_64-fedora-clang 1.0.4 143.89 NOTE
r-devel-linux-x86_64-fedora-gcc 1.0.4 153.15 NOTE
r-devel-windows-x86_64 1.0.4 42.00 83.00 125.00 NOTE
r-patched-linux-x86_64 1.0.4 41.62 46.53 88.15 NOTE
r-release-linux-x86_64 1.0.4 38.25 45.97 84.22 NOTE
r-release-macos-arm64 1.0.4 53.00 NOTE
r-release-macos-x86_64 1.0.4 85.00 NOTE
r-release-windows-x86_64 1.0.4 44.00 89.00 133.00 NOTE
r-oldrel-macos-arm64 1.0.4 42.00 NOTE
r-oldrel-macos-x86_64 1.0.4 68.00 NOTE
r-oldrel-windows-x86_64 1.0.4 49.00 108.00 157.00 NOTE

Check Details

Version: 1.0.4
Check: CRAN incoming feasibility
Result: NOTE Maintainer: ‘Shunyao Wu <wushunyao@qdu.edu.cn>’ No Authors@R field in DESCRIPTION. Please add one, modifying Authors@R: c(person(given = "Shunyao", family = "Wu", role = c("aut", "cre"), email = "wushunyao@qdu.edu.cn"), person(given = "Qi", family = "Zhang", role = "aut"), person(given = "Zhiruo", family = "Li", role = "aut"), person(given = "Hua", family = "Liang", role = "aut")) as necessary. Flavors: r-devel-linux-x86_64-debian-clang, r-devel-linux-x86_64-debian-gcc

Version: 1.0.4
Check: C++ specification
Result: NOTE Specified C++11: please drop specification unless essential Flavors: r-devel-linux-x86_64-debian-clang, r-devel-linux-x86_64-debian-gcc, r-devel-linux-x86_64-fedora-clang, r-devel-linux-x86_64-fedora-gcc, r-devel-windows-x86_64, r-patched-linux-x86_64, r-release-linux-x86_64, r-release-macos-arm64, r-release-macos-x86_64, r-release-windows-x86_64, r-oldrel-macos-arm64, r-oldrel-macos-x86_64, r-oldrel-windows-x86_64

Version: 1.0.4
Check: installed package size
Result: NOTE installed size is 5.3Mb sub-directories of 1Mb or more: libs 5.1Mb Flavors: r-oldrel-macos-arm64, r-oldrel-macos-x86_64