CRAN Package Check Results for Package PLreg

Last updated on 2025-04-30 04:50:14 CEST.

Flavor Version Tinstall Tcheck Ttotal Status Flags
r-devel-linux-x86_64-debian-clang 0.4.1 4.92 114.79 119.71 NOTE
r-devel-linux-x86_64-debian-gcc 0.4.1 3.52 71.36 74.88 NOTE
r-devel-linux-x86_64-fedora-clang 0.4.1 212.35 OK
r-devel-linux-x86_64-fedora-gcc 0.4.1 207.38 OK
r-devel-windows-x86_64 0.4.1 7.00 177.00 184.00 OK
r-patched-linux-x86_64 0.4.1 4.80 108.88 113.68 OK
r-release-linux-x86_64 0.4.1 4.48 108.51 112.99 OK
r-release-macos-arm64 0.4.1 59.00 OK
r-release-macos-x86_64 0.4.1 122.00 OK
r-release-windows-x86_64 0.4.1 7.00 165.00 172.00 OK
r-oldrel-macos-arm64 0.4.1 55.00 OK
r-oldrel-macos-x86_64 0.4.1 97.00 OK
r-oldrel-windows-x86_64 0.4.1 8.00 206.00 214.00 OK

Check Details

Version: 0.4.1
Check: CRAN incoming feasibility
Result: NOTE Maintainer: ‘Felipe Queiroz <ffelipeq@outlook.com>’ The Description field contains are described in Queiroz and Ferrari (2022) <arXiv:2202.01697>. Please refer to arXiv e-prints via their arXiv DOI <doi:10.48550/arXiv.YYMM.NNNNN>. Flavors: r-devel-linux-x86_64-debian-clang, r-devel-linux-x86_64-debian-gcc