Last updated on 2025-02-22 05:51:46 CET.
Flavor | Version | Tinstall | Tcheck | Ttotal | Status | Flags |
---|---|---|---|---|---|---|
r-devel-linux-x86_64-debian-clang | 4.4 | 1.52 | 18.28 | 19.80 | NOTE | |
r-devel-linux-x86_64-debian-gcc | 4.4 | 1.43 | 14.71 | 16.14 | NOTE | |
r-devel-linux-x86_64-fedora-clang | 4.4 | 32.57 | NOTE | |||
r-devel-linux-x86_64-fedora-gcc | 4.4 | 31.60 | NOTE | |||
r-devel-macos-arm64 | 4.4 | 17.00 | NOTE | |||
r-devel-macos-x86_64 | 4.4 | 26.00 | NOTE | |||
r-devel-windows-x86_64 | 4.4 | 3.00 | 41.00 | 44.00 | NOTE | |
r-patched-linux-x86_64 | 4.4 | 1.40 | 17.77 | 19.17 | NOTE | |
r-release-linux-x86_64 | 4.4 | 1.98 | 17.51 | 19.49 | NOTE | |
r-release-macos-arm64 | 4.4 | 18.00 | NOTE | |||
r-release-macos-x86_64 | 4.4 | 29.00 | NOTE | |||
r-release-windows-x86_64 | 4.4 | 3.00 | 40.00 | 43.00 | NOTE | |
r-oldrel-macos-arm64 | 4.4 | 18.00 | OK | |||
r-oldrel-macos-x86_64 | 4.4 | 21.00 | OK | |||
r-oldrel-windows-x86_64 | 4.4 | 3.00 | 41.00 | 44.00 | OK |
Version: 4.4
Check: Rd files
Result: NOTE
checkRd: (-1) PMCMR-deprecated.Rd:36: Lost braces in \itemize; \value handles \item{}{} directly
checkRd: (-1) PMCMR-deprecated.Rd:37: Lost braces in \itemize; \value handles \item{}{} directly
checkRd: (-1) PMCMR-deprecated.Rd:38: Lost braces in \itemize; \value handles \item{}{} directly
checkRd: (-1) PMCMR-deprecated.Rd:39-40: Lost braces in \itemize; \value handles \item{}{} directly
checkRd: (-1) PMCMR-deprecated.Rd:41: Lost braces in \itemize; \value handles \item{}{} directly
Flavors: r-devel-linux-x86_64-debian-clang, r-devel-linux-x86_64-debian-gcc, r-devel-linux-x86_64-fedora-clang, r-devel-linux-x86_64-fedora-gcc, r-devel-macos-arm64, r-devel-macos-x86_64, r-devel-windows-x86_64, r-patched-linux-x86_64, r-release-linux-x86_64, r-release-macos-arm64, r-release-macos-x86_64, r-release-windows-x86_64