Last updated on 2025-04-30 04:50:14 CEST.
Flavor | Version | Tinstall | Tcheck | Ttotal | Status | Flags |
---|---|---|---|---|---|---|
r-devel-linux-x86_64-debian-clang | 1.3 | 6.32 | 55.06 | 61.38 | NOTE | |
r-devel-linux-x86_64-debian-gcc | 1.3 | 5.51 | 40.79 | 46.30 | NOTE | |
r-devel-linux-x86_64-fedora-clang | 1.3 | 96.24 | OK | |||
r-devel-linux-x86_64-fedora-gcc | 1.3 | 91.47 | OK | |||
r-devel-windows-x86_64 | 1.3 | 7.00 | 68.00 | 75.00 | OK | |
r-patched-linux-x86_64 | 1.3 | 6.32 | 52.96 | 59.28 | OK | |
r-release-linux-x86_64 | 1.3 | 7.24 | 52.89 | 60.13 | OK | |
r-release-macos-arm64 | 1.3 | 34.00 | OK | |||
r-release-macos-x86_64 | 1.3 | 64.00 | OK | |||
r-release-windows-x86_64 | 1.3 | 7.00 | 73.00 | 80.00 | OK | |
r-oldrel-macos-arm64 | 1.3 | 30.00 | OK | |||
r-oldrel-macos-x86_64 | 1.3 | 45.00 | OK | |||
r-oldrel-windows-x86_64 | 1.3 | 9.00 | 76.00 | 85.00 | OK |
Version: 1.3
Check: CRAN incoming feasibility
Result: NOTE
Maintainer: ‘Shannon T. Holloway <shannon.t.holloway@gmail.com>’
No Authors@R field in DESCRIPTION.
Please add one, modifying
Authors@R: c(person(given = c("Rachel", "Marceau"),
family = "West",
role = "aut"),
person(given = c("Shannon", "T."),
family = "Holloway",
role = c("aut", "cre"),
email = "shannon.t.holloway@gmail.com"))
as necessary.
Flavors: r-devel-linux-x86_64-debian-clang, r-devel-linux-x86_64-debian-gcc