CRAN Package Check Results for Package POMS

Last updated on 2025-04-30 04:50:14 CEST.

Flavor Version Tinstall Tcheck Ttotal Status Flags
r-devel-linux-x86_64-debian-clang 1.0.1 2.48 38.57 41.05 NOTE
r-devel-linux-x86_64-debian-gcc 1.0.1 2.11 26.77 28.88 NOTE
r-devel-linux-x86_64-fedora-clang 1.0.1 63.54 OK
r-devel-linux-x86_64-fedora-gcc 1.0.1 60.67 OK
r-devel-windows-x86_64 1.0.1 5.00 60.00 65.00 OK
r-patched-linux-x86_64 1.0.1 3.31 36.50 39.81 OK
r-release-linux-x86_64 1.0.1 3.12 35.33 38.45 OK
r-release-macos-arm64 1.0.1 28.00 OK
r-release-macos-x86_64 1.0.1 42.00 OK
r-release-windows-x86_64 1.0.1 4.00 62.00 66.00 OK
r-oldrel-macos-arm64 1.0.1 22.00 OK
r-oldrel-macos-x86_64 1.0.1 32.00 OK
r-oldrel-windows-x86_64 1.0.1 5.00 68.00 73.00 OK

Check Details

Version: 1.0.1
Check: CRAN incoming feasibility
Result: NOTE Maintainer: ‘Gavin Douglas <gavinmdouglas@gmail.com>’ Package CITATION file contains call(s) to old-style citEntry(). Please use bibentry() instead. Flavors: r-devel-linux-x86_64-debian-clang, r-devel-linux-x86_64-debian-gcc