CRAN Package Check Results for Package POSetR

Last updated on 2025-04-30 04:50:14 CEST.

Flavor Version Tinstall Tcheck Ttotal Status Flags
r-devel-linux-x86_64-debian-clang 1.1.4 120.29 32.86 153.15 OK
r-devel-linux-x86_64-debian-gcc 1.1.4 92.83 24.78 117.61 OK
r-devel-linux-x86_64-fedora-clang 1.1.4 288.81 OK
r-devel-linux-x86_64-fedora-gcc 1.1.4 297.00 OK
r-devel-windows-x86_64 1.1.4 140.00 73.00 213.00 OK
r-patched-linux-x86_64 1.1.4 129.89 31.51 161.40 OK
r-release-linux-x86_64 1.1.4 124.46 31.69 156.15 OK
r-release-macos-arm64 1.1.4 65.00 OK
r-release-macos-x86_64 1.1.4 83.00 OK
r-release-windows-x86_64 1.1.4 138.00 82.00 220.00 OK
r-oldrel-macos-arm64 1.1.4 72.00 NOTE
r-oldrel-macos-x86_64 1.1.4 80.00 NOTE
r-oldrel-windows-x86_64 1.1.4 153.00 89.00 242.00 OK

Check Details

Version: 1.1.4
Check: installed package size
Result: NOTE installed size is 13.0Mb sub-directories of 1Mb or more: libs 12.8Mb Flavors: r-oldrel-macos-arm64, r-oldrel-macos-x86_64