Last updated on 2025-04-30 04:50:15 CEST.
Flavor | Version | Tinstall | Tcheck | Ttotal | Status | Flags |
---|---|---|---|---|---|---|
r-devel-linux-x86_64-debian-clang | 0.1.5 | 10.95 | 85.36 | 96.31 | NOTE | |
r-devel-linux-x86_64-debian-gcc | 0.1.5 | 7.35 | 59.25 | 66.60 | NOTE | |
r-devel-linux-x86_64-fedora-clang | 0.1.5 | 149.60 | OK | |||
r-devel-linux-x86_64-fedora-gcc | 0.1.5 | 144.89 | OK | |||
r-devel-windows-x86_64 | 0.1.5 | 11.00 | 104.00 | 115.00 | OK | |
r-patched-linux-x86_64 | 0.1.5 | 10.85 | 80.07 | 90.92 | OK | |
r-release-linux-x86_64 | 0.1.5 | 9.97 | 80.14 | 90.11 | OK | |
r-release-macos-arm64 | 0.1.5 | 48.00 | OK | |||
r-release-macos-x86_64 | 0.1.5 | 88.00 | OK | |||
r-release-windows-x86_64 | 0.1.5 | 13.00 | 101.00 | 114.00 | OK | |
r-oldrel-macos-arm64 | 0.1.5 | 41.00 | OK | |||
r-oldrel-macos-x86_64 | 0.1.5 | 73.00 | OK | |||
r-oldrel-windows-x86_64 | 0.1.5 | 14.00 | 119.00 | 133.00 | OK |
Version: 0.1.5
Check: CRAN incoming feasibility
Result: NOTE
Maintainer: ‘David Hofmeyr <dhofmeyr@sun.ac.za>’
No Authors@R field in DESCRIPTION.
Please add one, modifying
Authors@R: person(given = "David",
family = "Hofmeyr",
role = c("aut", "cre"),
email = "n.pavlidis@lancaster.ac.uk")
as necessary.
Flavors: r-devel-linux-x86_64-debian-clang, r-devel-linux-x86_64-debian-gcc
Version: 0.1.5
Check: examples
Result: NOTE
Examples with CPU (user + system) or elapsed time > 5s
user system elapsed
mddc 4.604 0.008 6.043
tree_split 3.813 0.099 5.239
Flavor: r-devel-linux-x86_64-debian-clang