CRAN Package Check Results for Package PPSFS

Last updated on 2025-04-30 04:50:15 CEST.

Flavor Version Tinstall Tcheck Ttotal Status Flags
r-devel-linux-x86_64-debian-clang 0.1.0 22.54 56.23 78.77 NOTE
r-devel-linux-x86_64-debian-gcc 0.1.0 15.88 41.51 57.39 NOTE
r-devel-linux-x86_64-fedora-clang 0.1.0 129.27 NOTE
r-devel-linux-x86_64-fedora-gcc 0.1.0 120.84 NOTE
r-devel-windows-x86_64 0.1.0 27.00 89.00 116.00 NOTE
r-patched-linux-x86_64 0.1.0 21.95 51.91 73.86 NOTE
r-release-linux-x86_64 0.1.0 22.33 52.19 74.52 NOTE
r-release-macos-arm64 0.1.0 32.00 NOTE
r-release-macos-x86_64 0.1.0 66.00 NOTE
r-release-windows-x86_64 0.1.0 27.00 86.00 113.00 NOTE
r-oldrel-macos-arm64 0.1.0 36.00 NOTE
r-oldrel-macos-x86_64 0.1.0 59.00 NOTE
r-oldrel-windows-x86_64 0.1.0 32.00 102.00 134.00 NOTE

Check Details

Version: 0.1.0
Check: C++ specification
Result: NOTE Specified C++11: please drop specification unless essential Flavors: r-devel-linux-x86_64-debian-clang, r-devel-linux-x86_64-debian-gcc, r-devel-linux-x86_64-fedora-clang, r-devel-linux-x86_64-fedora-gcc, r-devel-windows-x86_64, r-patched-linux-x86_64, r-release-linux-x86_64, r-release-macos-arm64, r-release-macos-x86_64, r-release-windows-x86_64, r-oldrel-macos-arm64, r-oldrel-macos-x86_64, r-oldrel-windows-x86_64