Last updated on 2025-04-30 04:50:15 CEST.
Flavor | Version | Tinstall | Tcheck | Ttotal | Status | Flags |
---|---|---|---|---|---|---|
r-devel-linux-x86_64-debian-clang | 2.0.4 | 32.43 | 89.29 | 121.72 | NOTE | |
r-devel-linux-x86_64-debian-gcc | 2.0.4 | 21.47 | 63.36 | 84.83 | NOTE | |
r-devel-linux-x86_64-fedora-clang | 2.0.4 | 188.09 | OK | |||
r-devel-linux-x86_64-fedora-gcc | 2.0.4 | 178.34 | OK | |||
r-devel-windows-x86_64 | 2.0.4 | 36.00 | 109.00 | 145.00 | OK | |
r-patched-linux-x86_64 | 2.0.4 | 29.64 | 83.86 | 113.50 | OK | |
r-release-linux-x86_64 | 2.0.4 | 32.16 | 83.23 | 115.39 | OK | |
r-release-macos-arm64 | 2.0.4 | 52.00 | OK | |||
r-release-macos-x86_64 | 2.0.4 | 87.00 | OK | |||
r-release-windows-x86_64 | 2.0.4 | 35.00 | 107.00 | 142.00 | OK | |
r-oldrel-macos-arm64 | 2.0.4 | 50.00 | OK | |||
r-oldrel-macos-x86_64 | 2.0.4 | 73.00 | OK | |||
r-oldrel-windows-x86_64 | 2.0.4 | 42.00 | 148.00 | 190.00 | OK |
Version: 2.0.4
Check: CRAN incoming feasibility
Result: NOTE
Maintainer: ‘Eun-Kyung Lee <lee.eunk@gmail.com>’
No Authors@R field in DESCRIPTION.
Please add one, modifying
Authors@R: person(given = "Eun-Kyung",
family = "Lee",
role = c("aut", "cre"),
email = "lee.eunk@gmail.com")
as necessary.
Flavors: r-devel-linux-x86_64-debian-clang, r-devel-linux-x86_64-debian-gcc