Last updated on 2025-04-30 04:50:15 CEST.
Flavor | Version | Tinstall | Tcheck | Ttotal | Status | Flags |
---|---|---|---|---|---|---|
r-devel-linux-x86_64-debian-clang | 1.6.6 | 144.03 | 504.27 | 648.30 | OK | |
r-devel-linux-x86_64-debian-gcc | 1.6.6 | 94.30 | 352.45 | 446.75 | OK | |
r-devel-linux-x86_64-fedora-clang | 1.6.6 | 1142.41 | OK | |||
r-devel-linux-x86_64-fedora-gcc | 1.6.6 | 1162.63 | OK | |||
r-devel-windows-x86_64 | 1.6.6 | 148.00 | 457.00 | 605.00 | OK | |
r-patched-linux-x86_64 | 1.6.6 | 142.97 | 482.24 | 625.21 | OK | |
r-release-linux-x86_64 | 1.6.6 | 141.95 | 480.38 | 622.33 | OK | |
r-release-macos-arm64 | 1.6.6 | 265.00 | OK | |||
r-release-macos-x86_64 | 1.6.6 | 292.00 | OK | |||
r-release-windows-x86_64 | 1.6.6 | 152.00 | 457.00 | 609.00 | OK | |
r-oldrel-macos-arm64 | 1.6.6 | 208.00 | NOTE | |||
r-oldrel-macos-x86_64 | 1.6.6 | 323.00 | NOTE | |||
r-oldrel-windows-x86_64 | 1.6.6 | 176.00 | 631.00 | 807.00 | OK |
Version: 1.6.6
Check: installed package size
Result: NOTE
installed size is 11.7Mb
sub-directories of 1Mb or more:
data 2.2Mb
libs 8.7Mb
Flavors: r-oldrel-macos-arm64, r-oldrel-macos-x86_64