Last updated on 2025-11-04 03:51:02 CET.
| Flavor | Version | Tinstall | Tcheck | Ttotal | Status | Flags | 
|---|---|---|---|---|---|---|
| r-devel-linux-x86_64-debian-clang | 1.7 | 145.04 | 532.62 | 677.66 | OK | |
| r-devel-linux-x86_64-debian-gcc | 1.7 | 107.72 | 371.16 | 478.88 | OK | |
| r-devel-linux-x86_64-fedora-clang | 1.7 | 600.00 | 582.74 | 1182.74 | OK | |
| r-devel-linux-x86_64-fedora-gcc | 1.7 | 495.00 | 608.15 | 1103.15 | OK | |
| r-devel-windows-x86_64 | 1.7 | 156.00 | 476.00 | 632.00 | OK | |
| r-patched-linux-x86_64 | 1.7 | 0.34 | 2.04 | 2.38 | ERROR | |
| r-release-linux-x86_64 | 1.7 | 0.23 | 1.99 | 2.22 | ERROR | |
| r-release-macos-arm64 | 1.7 | 57.00 | 127.00 | 184.00 | OK | |
| r-release-macos-x86_64 | 1.7 | 84.00 | 276.00 | 360.00 | OK | |
| r-release-windows-x86_64 | 1.7 | 159.00 | 460.00 | 619.00 | OK | |
| r-oldrel-macos-arm64 | 1.7 | 55.00 | 136.00 | 191.00 | NOTE | |
| r-oldrel-macos-x86_64 | 1.7 | 91.00 | 305.00 | 396.00 | NOTE | |
| r-oldrel-windows-x86_64 | 1.7 | 182.00 | 650.00 | 832.00 | OK | 
Version: 1.7
Check: package dependencies
Result: ERROR
  Package required but not available: ‘scater’
  
  See section ‘The DESCRIPTION file’ in the ‘Writing R Extensions’
  manual.
Flavors: r-patched-linux-x86_64, r-release-linux-x86_64
Version: 1.7
Check: installed package size
Result: NOTE
    installed size is 11.8Mb
    sub-directories of 1Mb or more:
      data   2.2Mb
      libs   8.8Mb
Flavors: r-oldrel-macos-arm64, r-oldrel-macos-x86_64