CRAN Package Check Results for Package PROMETHEE

Last updated on 2025-04-30 04:50:15 CEST.

Flavor Version Tinstall Tcheck Ttotal Status Flags
r-devel-linux-x86_64-debian-clang 1.1 2.60 24.26 26.86 NOTE
r-devel-linux-x86_64-debian-gcc 1.1 1.77 19.11 20.88 NOTE
r-devel-linux-x86_64-fedora-clang 1.1 44.01 OK
r-devel-linux-x86_64-fedora-gcc 1.1 53.94 OK
r-devel-windows-x86_64 1.1 4.00 51.00 55.00 OK
r-patched-linux-x86_64 1.1 2.25 23.36 25.61 OK
r-release-linux-x86_64 1.1 2.18 23.44 25.62 OK
r-release-macos-arm64 1.1 23.00 OK
r-release-macos-x86_64 1.1 42.00 OK
r-release-windows-x86_64 1.1 3.00 47.00 50.00 OK
r-oldrel-macos-arm64 1.1 22.00 OK
r-oldrel-macos-x86_64 1.1 33.00 OK
r-oldrel-windows-x86_64 1.1 3.00 48.00 51.00 OK

Check Details

Version: 1.1
Check: CRAN incoming feasibility
Result: NOTE Maintainer: ‘Francesco Vidoli <fvidoli@gmail.com>’ No Authors@R field in DESCRIPTION. Please add one, modifying Authors@R: c(person(given = "Giuliano", family = "Resce", role = "aut"), person(given = "Menelaos", family = "Tasiou", role = "aut"), person(given = "Francesco", family = "Vidoli", role = c("aut", "cre"), email = "fvidoli@gmail.com")) as necessary. Package CITATION file contains call(s) to old-style personList() or as.personList(). Please use c() on person objects instead. Package CITATION file contains call(s) to old-style citEntry(). Please use bibentry() instead. Found the following URLs which should use \doi (with the DOI name only): File ‘Austria.Rd’: https://doi.org/10.1016/j.jclepro.2019.02.115 Flavors: r-devel-linux-x86_64-debian-clang, r-devel-linux-x86_64-debian-gcc