Last updated on 2025-04-30 04:50:15 CEST.
Flavor | Version | Tinstall | Tcheck | Ttotal | Status | Flags |
---|---|---|---|---|---|---|
r-devel-linux-x86_64-debian-clang | 0.4.1 | 36.56 | 276.93 | 313.49 | NOTE | |
r-devel-linux-x86_64-debian-gcc | 0.4.1 | 26.21 | 199.61 | 225.82 | NOTE | |
r-devel-linux-x86_64-fedora-clang | 0.4.1 | 544.37 | NOTE | |||
r-devel-linux-x86_64-fedora-gcc | 0.4.1 | 569.26 | NOTE | |||
r-devel-windows-x86_64 | 0.4.1 | 41.00 | 362.00 | 403.00 | NOTE | |
r-patched-linux-x86_64 | 0.4.1 | 39.45 | 290.53 | 329.98 | NOTE | |
r-release-linux-x86_64 | 0.4.1 | 34.58 | 291.05 | 325.63 | NOTE | |
r-release-macos-arm64 | 0.4.1 | 162.00 | NOTE | |||
r-release-macos-x86_64 | 0.4.1 | 706.00 | NOTE | |||
r-release-windows-x86_64 | 0.4.1 | 45.00 | 347.00 | 392.00 | NOTE | |
r-oldrel-macos-arm64 | 0.4.1 | 138.00 | NOTE | |||
r-oldrel-macos-x86_64 | 0.4.1 | 211.00 | NOTE | |||
r-oldrel-windows-x86_64 | 0.4.1 | 51.00 | 464.00 | 515.00 | NOTE |
Version: 0.4.1
Check: Rd files
Result: NOTE
checkRd: (-1) computeResponseProbability.Rd:12: Lost braces; missing escapes or markup?
12 | \item{model}{the item model to use. Accepts \code{grm} or {gpcm}.}
| ^
Flavors: r-devel-linux-x86_64-debian-clang, r-devel-linux-x86_64-debian-gcc, r-devel-linux-x86_64-fedora-clang, r-devel-linux-x86_64-fedora-gcc, r-devel-windows-x86_64, r-patched-linux-x86_64, r-release-linux-x86_64, r-release-macos-arm64, r-release-macos-x86_64, r-release-windows-x86_64, r-oldrel-macos-arm64, r-oldrel-macos-x86_64, r-oldrel-windows-x86_64
Version: 0.4.1
Check: Rd cross-references
Result: NOTE
Found the following Rd file(s) with Rd \link{} targets missing package
anchors:
plotInfo-methods.Rd: SingleGroupClass-class
runCalibration.Rd: SingleGroupClass-class
runEquateObserved.Rd: equate
Please provide package anchors for all Rd \link{} targets not in the
package itself and the base packages.
Flavors: r-devel-linux-x86_64-debian-clang, r-devel-linux-x86_64-debian-gcc, r-devel-windows-x86_64, r-patched-linux-x86_64, r-release-linux-x86_64, r-release-windows-x86_64