Last updated on 2025-11-03 03:49:52 CET.
| Flavor | Version | Tinstall | Tcheck | Ttotal | Status | Flags | 
|---|---|---|---|---|---|---|
| r-devel-linux-x86_64-debian-clang | 1.3.9 | 16.10 | 251.47 | 267.57 | OK | |
| r-devel-linux-x86_64-debian-gcc | 1.3.9 | 10.89 | 173.16 | 184.05 | OK | |
| r-devel-linux-x86_64-fedora-clang | 1.3.9 | 33.00 | 356.78 | 389.78 | OK | |
| r-devel-linux-x86_64-fedora-gcc | 1.3.9 | 49.00 | 341.96 | 390.96 | OK | |
| r-devel-windows-x86_64 | 1.3.9 | 17.00 | 203.00 | 220.00 | OK | |
| r-patched-linux-x86_64 | 1.3.9 | 14.47 | 236.35 | 250.82 | OK | |
| r-release-linux-x86_64 | 1.3.9 | 15.81 | 234.88 | 250.69 | OK | |
| r-release-macos-arm64 | 1.3.9 | 7.00 | 72.00 | 79.00 | OK | |
| r-release-macos-x86_64 | 1.3.9 | 22.00 | 197.00 | 219.00 | OK | |
| r-release-windows-x86_64 | 1.3.9 | 17.00 | 192.00 | 209.00 | OK | |
| r-oldrel-macos-arm64 | 1.3.9 | 7.00 | 77.00 | 84.00 | NOTE | |
| r-oldrel-macos-x86_64 | 1.3.9 | 23.00 | 256.00 | 279.00 | NOTE | |
| r-oldrel-windows-x86_64 | 1.3.9 | 24.00 | 257.00 | 281.00 | NOTE | 
Version: 1.3.9
Check: installed package size
Result: NOTE
    installed size is  6.3Mb
    sub-directories of 1Mb or more:
      doc   5.6Mb
Flavors: r-oldrel-macos-arm64, r-oldrel-macos-x86_64, r-oldrel-windows-x86_64