Last updated on 2025-04-30 04:50:15 CEST.
Flavor | Version | Tinstall | Tcheck | Ttotal | Status | Flags |
---|---|---|---|---|---|---|
r-devel-linux-x86_64-debian-clang | 1.1.4 | 15.54 | 118.09 | 133.63 | OK | |
r-devel-linux-x86_64-debian-gcc | 1.1.4 | 11.94 | 86.13 | 98.07 | OK | |
r-devel-linux-x86_64-fedora-clang | 1.1.4 | 225.74 | NOTE | |||
r-devel-linux-x86_64-fedora-gcc | 1.1.4 | 236.17 | NOTE | |||
r-devel-windows-x86_64 | 1.1.4 | 17.00 | 115.00 | 132.00 | OK | |
r-patched-linux-x86_64 | 1.1.4 | 14.95 | 111.87 | 126.82 | OK | |
r-release-linux-x86_64 | 1.1.4 | 15.46 | 110.59 | 126.05 | OK | |
r-release-macos-arm64 | 1.1.4 | 62.00 | OK | |||
r-release-macos-x86_64 | 1.1.4 | 118.00 | OK | |||
r-release-windows-x86_64 | 1.1.4 | 18.00 | 115.00 | 133.00 | OK | |
r-oldrel-macos-arm64 | 1.1.4 | 67.00 | OK | |||
r-oldrel-macos-x86_64 | 1.1.4 | 135.00 | OK | |||
r-oldrel-windows-x86_64 | 1.1.4 | 21.00 | 149.00 | 170.00 | OK |
Version: 1.1.4
Check: dependencies in R code
Result: NOTE
Namespace in Imports field not imported from: ‘longpower’
All declared Imports should be used.
Flavors: r-devel-linux-x86_64-fedora-clang, r-devel-linux-x86_64-fedora-gcc