Last updated on 2025-04-30 04:50:15 CEST.
Flavor | Version | Tinstall | Tcheck | Ttotal | Status | Flags |
---|---|---|---|---|---|---|
r-devel-linux-x86_64-debian-clang | 0.94.1 | 12.66 | 110.37 | 123.03 | NOTE | |
r-devel-linux-x86_64-debian-gcc | 0.94.1 | 9.83 | 74.51 | 84.34 | NOTE | |
r-devel-linux-x86_64-fedora-clang | 0.94.1 | 186.82 | OK | |||
r-devel-linux-x86_64-fedora-gcc | 0.94.1 | 181.57 | OK | |||
r-devel-windows-x86_64 | 0.94.1 | 13.00 | 120.00 | 133.00 | NOTE | |
r-patched-linux-x86_64 | 0.94.1 | 12.42 | 105.85 | 118.27 | NOTE | |
r-release-linux-x86_64 | 0.94.1 | 12.24 | 104.68 | 116.92 | NOTE | |
r-release-macos-arm64 | 0.94.1 | 55.00 | OK | |||
r-release-macos-x86_64 | 0.94.1 | 95.00 | OK | |||
r-release-windows-x86_64 | 0.94.1 | 14.00 | 125.00 | 139.00 | NOTE | |
r-oldrel-macos-arm64 | 0.94.1 | 50.00 | OK | |||
r-oldrel-macos-x86_64 | 0.94.1 | 77.00 | OK | |||
r-oldrel-windows-x86_64 | 0.94.1 | 16.00 | 149.00 | 165.00 | OK |
Version: 0.94.1
Check: Rd cross-references
Result: NOTE
Found the following Rd file(s) with Rd \link{} targets missing package
anchors:
PSTf-class.Rd: TraMineR
cprob.Rd: TraMineR
generate.Rd: TraMineR
plot-PSTr.Rd: seqdef
pmine.Rd: TraMineR
Please provide package anchors for all Rd \link{} targets not in the
package itself and the base packages.
Flavors: r-devel-linux-x86_64-debian-clang, r-devel-linux-x86_64-debian-gcc, r-devel-windows-x86_64, r-patched-linux-x86_64, r-release-linux-x86_64, r-release-windows-x86_64