Last updated on 2025-04-30 04:50:15 CEST.
Flavor | Version | Tinstall | Tcheck | Ttotal | Status | Flags |
---|---|---|---|---|---|---|
r-devel-linux-x86_64-debian-clang | 1.0 | 7.24 | 54.77 | 62.01 | NOTE | |
r-devel-linux-x86_64-debian-gcc | 1.0 | 5.43 | 41.34 | 46.77 | NOTE | |
r-devel-linux-x86_64-fedora-clang | 1.0 | 93.96 | OK | |||
r-devel-linux-x86_64-fedora-gcc | 1.0 | 91.54 | OK | |||
r-devel-windows-x86_64 | 1.0 | 7.00 | 75.00 | 82.00 | OK | |
r-patched-linux-x86_64 | 1.0 | 7.33 | 53.51 | 60.84 | OK | |
r-release-linux-x86_64 | 1.0 | 6.98 | 52.95 | 59.93 | OK | |
r-release-macos-arm64 | 1.0 | 36.00 | OK | |||
r-release-macos-x86_64 | 1.0 | 55.00 | OK | |||
r-release-windows-x86_64 | 1.0 | 8.00 | 74.00 | 82.00 | OK | |
r-oldrel-macos-arm64 | 1.0 | 32.00 | OK | |||
r-oldrel-macos-x86_64 | 1.0 | 45.00 | OK | |||
r-oldrel-windows-x86_64 | 1.0 | 10.00 | 87.00 | 97.00 | OK |
Version: 1.0
Check: CRAN incoming feasibility
Result: NOTE
Maintainer: ‘Layla Parast <parast@austin.utexas.edu>’
The Description field contains
available in Wang et al (2022) <arXiv:2209.08414>.
Please refer to arXiv e-prints via their arXiv DOI <doi:10.48550/arXiv.YYMM.NNNNN>.
Flavors: r-devel-linux-x86_64-debian-clang, r-devel-linux-x86_64-debian-gcc