Last updated on 2025-04-30 04:50:15 CEST.
Flavor | Version | Tinstall | Tcheck | Ttotal | Status | Flags |
---|---|---|---|---|---|---|
r-devel-linux-x86_64-debian-clang | 1.1.2 | 20.17 | 213.84 | 234.01 | NOTE | |
r-devel-linux-x86_64-debian-gcc | 1.1.2 | 12.74 | 149.09 | 161.83 | OK | |
r-devel-linux-x86_64-fedora-clang | 1.1.2 | 344.22 | OK | |||
r-devel-linux-x86_64-fedora-gcc | 1.1.2 | 342.58 | OK | |||
r-devel-windows-x86_64 | 1.1.2 | 20.00 | 225.00 | 245.00 | OK | |
r-patched-linux-x86_64 | 1.1.2 | 21.11 | 201.29 | 222.40 | OK | |
r-release-linux-x86_64 | 1.1.2 | 18.97 | 202.26 | 221.23 | OK | |
r-release-macos-arm64 | 1.1.2 | 104.00 | OK | |||
r-release-macos-x86_64 | 1.1.2 | 372.00 | OK | |||
r-release-windows-x86_64 | 1.1.2 | 21.00 | 218.00 | 239.00 | OK | |
r-oldrel-macos-arm64 | 1.1.2 | 121.00 | NOTE | |||
r-oldrel-macos-x86_64 | 1.1.2 | 176.00 | NOTE | |||
r-oldrel-windows-x86_64 | 1.1.2 | 27.00 | 303.00 | 330.00 | NOTE |
Version: 1.1.2
Check: examples
Result: NOTE
Examples with CPU (user + system) or elapsed time > 5s
user system elapsed
qcMetric-class 4.815 0.048 7.417
Flavor: r-devel-linux-x86_64-debian-clang
Version: 1.1.2
Check: installed package size
Result: NOTE
installed size is 7.9Mb
sub-directories of 1Mb or more:
doc 4.0Mb
examples 2.6Mb
Flavors: r-oldrel-macos-arm64, r-oldrel-macos-x86_64, r-oldrel-windows-x86_64