Last updated on 2025-04-30 04:50:15 CEST.
Flavor | Version | Tinstall | Tcheck | Ttotal | Status | Flags |
---|---|---|---|---|---|---|
r-devel-linux-x86_64-debian-clang | 3.2.5 | 146.06 | 103.93 | 249.99 | NOTE | |
r-devel-linux-x86_64-debian-gcc | 3.2.5 | 119.40 | 81.31 | 200.71 | NOTE | |
r-devel-linux-x86_64-fedora-clang | 3.2.5 | 410.03 | OK | |||
r-devel-linux-x86_64-fedora-gcc | 3.2.5 | 481.21 | OK | |||
r-devel-windows-x86_64 | 3.2.5 | 153.00 | 145.00 | 298.00 | OK | |
r-patched-linux-x86_64 | 3.2.5 | 159.49 | 108.83 | 268.32 | OK | |
r-release-linux-x86_64 | 3.2.5 | 162.19 | 109.11 | 271.30 | OK | |
r-release-macos-arm64 | 3.2.5 | 112.00 | OK | |||
r-release-macos-x86_64 | 3.2.5 | 191.00 | OK | |||
r-release-windows-x86_64 | 3.2.5 | 156.00 | 140.00 | 296.00 | OK | |
r-oldrel-macos-arm64 | 3.2.5 | 122.00 | NOTE | |||
r-oldrel-macos-x86_64 | 3.2.5 | 130.00 | NOTE | |||
r-oldrel-windows-x86_64 | 3.2.5 | 164.00 | 183.00 | 347.00 | OK |
Version: 3.2.5
Check: CRAN incoming feasibility
Result: NOTE
Maintainer: ‘Hyebin Song <hps5320@psu.edu>’
The Description field contains
<arXiv:1711.08129>.
Please refer to arXiv e-prints via their arXiv DOI <doi:10.48550/arXiv.YYMM.NNNNN>.
Flavors: r-devel-linux-x86_64-debian-clang, r-devel-linux-x86_64-debian-gcc
Version: 3.2.5
Check: installed package size
Result: NOTE
installed size is 40.9Mb
sub-directories of 1Mb or more:
libs 40.4Mb
Flavors: r-oldrel-macos-arm64, r-oldrel-macos-x86_64