Last updated on 2025-02-21 03:52:23 CET.
Flavor | Version | Tinstall | Tcheck | Ttotal | Status | Flags |
---|---|---|---|---|---|---|
r-devel-linux-x86_64-debian-clang | 3.2.5 | 144.05 | 98.58 | 242.63 | OK | |
r-devel-linux-x86_64-debian-gcc | 3.2.5 | 121.33 | 78.04 | 199.37 | OK | |
r-devel-linux-x86_64-fedora-clang | 3.2.5 | 462.49 | OK | |||
r-devel-linux-x86_64-fedora-gcc | 3.2.5 | 493.14 | OK | |||
r-devel-macos-arm64 | 3.2.5 | 113.00 | OK | |||
r-devel-macos-x86_64 | 3.2.5 | 183.00 | OK | |||
r-devel-windows-x86_64 | 3.2.5 | 140.00 | 142.00 | 282.00 | OK | |
r-patched-linux-x86_64 | 3.2.5 | 159.11 | 102.18 | 261.29 | OK | |
r-release-linux-x86_64 | 3.2.5 | 162.01 | 101.68 | 263.69 | OK | |
r-release-macos-arm64 | 3.2.5 | 122.00 | NOTE | |||
r-release-macos-x86_64 | 3.2.5 | 130.00 | NOTE | |||
r-release-windows-x86_64 | 3.2.5 | 145.00 | 134.00 | 279.00 | OK | |
r-oldrel-macos-arm64 | 3.2.5 | 165.00 | NOTE | |||
r-oldrel-macos-x86_64 | 3.2.5 | 166.00 | NOTE | |||
r-oldrel-windows-x86_64 | 3.2.5 | 178.00 | 158.00 | 336.00 | OK |
Version: 3.2.5
Check: installed package size
Result: NOTE
installed size is 40.9Mb
sub-directories of 1Mb or more:
libs 40.4Mb
Flavors: r-release-macos-arm64, r-release-macos-x86_64, r-oldrel-macos-arm64, r-oldrel-macos-x86_64