Last updated on 2025-02-22 05:51:47 CET.
Flavor | Version | Tinstall | Tcheck | Ttotal | Status | Flags |
---|---|---|---|---|---|---|
r-devel-linux-x86_64-debian-clang | 1.3.0.1 | 28.85 | 77.56 | 106.41 | OK | |
r-devel-linux-x86_64-debian-gcc | 1.3.0.1 | 15.96 | 54.94 | 70.90 | OK | |
r-devel-linux-x86_64-fedora-clang | 1.3.0.1 | 176.89 | NOTE | |||
r-devel-linux-x86_64-fedora-gcc | 1.3.0.1 | 159.74 | NOTE | |||
r-devel-macos-arm64 | 1.3.0.1 | 50.00 | OK | |||
r-devel-macos-x86_64 | 1.3.0.1 | 90.00 | OK | |||
r-devel-windows-x86_64 | 1.3.0.1 | 21.00 | 129.00 | 150.00 | OK | |
r-patched-linux-x86_64 | 1.3.0.1 | 21.99 | 73.02 | 95.01 | OK | |
r-release-linux-x86_64 | 1.3.0.1 | 21.98 | 72.67 | 94.65 | OK | |
r-release-macos-arm64 | 1.3.0.1 | 48.00 | OK | |||
r-release-macos-x86_64 | 1.3.0.1 | 104.00 | OK | |||
r-release-windows-x86_64 | 1.3.0.1 | 23.00 | 107.00 | 130.00 | OK | |
r-oldrel-macos-arm64 | 1.3.0.1 | 50.00 | OK | |||
r-oldrel-macos-x86_64 | 1.3.0.1 | 81.00 | OK | |||
r-oldrel-windows-x86_64 | 1.3.0.1 | 20.00 | 124.00 | 144.00 | OK |
Version: 1.3.0.1
Check: compiled code
Result: NOTE
File ‘PWEALL/libs/PWEALL.so’:
Found no calls to: ‘R_registerRoutines’, ‘R_useDynamicSymbols’
It is good practice to register native routines and to disable symbol
search.
See ‘Writing portable packages’ in the ‘Writing R Extensions’ manual.
Flavors: r-devel-linux-x86_64-fedora-clang, r-devel-linux-x86_64-fedora-gcc