Last updated on 2025-04-30 04:50:15 CEST.
Flavor | Version | Tinstall | Tcheck | Ttotal | Status | Flags |
---|---|---|---|---|---|---|
r-devel-linux-x86_64-debian-clang | 0.5.0 | 7.08 | 106.98 | 114.06 | NOTE | |
r-devel-linux-x86_64-debian-gcc | 0.5.0 | 6.57 | 73.70 | 80.27 | NOTE | |
r-devel-linux-x86_64-fedora-clang | 0.5.0 | 176.88 | OK | |||
r-devel-linux-x86_64-fedora-gcc | 0.5.0 | 188.31 | OK | |||
r-devel-windows-x86_64 | 0.5.0 | 9.00 | 113.00 | 122.00 | OK | |
r-patched-linux-x86_64 | 0.5.0 | 9.22 | 103.02 | 112.24 | OK | |
r-release-linux-x86_64 | 0.5.0 | 8.31 | 99.91 | 108.22 | OK | |
r-release-macos-arm64 | 0.5.0 | 70.00 | OK | |||
r-release-macos-x86_64 | 0.5.0 | 106.00 | OK | |||
r-release-windows-x86_64 | 0.5.0 | 9.00 | 114.00 | 123.00 | OK | |
r-oldrel-macos-arm64 | 0.5.0 | 54.00 | OK | |||
r-oldrel-macos-x86_64 | 0.5.0 | 87.00 | OK | |||
r-oldrel-windows-x86_64 | 0.5.0 | 11.00 | 146.00 | 157.00 | OK |
Version: 0.5.0
Check: CRAN incoming feasibility
Result: NOTE
Maintainer: ‘Tianchen Xu <zjph602xutianchen@gmail.com>’
No Authors@R field in DESCRIPTION.
Please add one, modifying
Authors@R: person(given = "Tianchen",
family = "Xu",
role = c("aut", "cre"),
email = "zjph602xutianchen@gmail.com",
comment = c(ORCID = "0000-0002-0102-7630"))
as necessary.
Flavors: r-devel-linux-x86_64-debian-clang, r-devel-linux-x86_64-debian-gcc
Version: 0.5.0
Check: examples
Result: NOTE
Examples with CPU (user + system) or elapsed time > 5s
user system elapsed
plot_event 10.046 0.019 12.137
sim_followup 7.839 0.243 10.720
boot_fit_pwexp 6.875 0.094 8.912
predict 5.202 0.004 6.489
Flavor: r-devel-linux-x86_64-debian-clang
Version: 0.5.0
Check: examples
Result: NOTE
Examples with CPU (user + system) or elapsed time > 5s
user system elapsed
plot_event 5.809 0.015 7.199
boot_fit_pwexp 4.447 0.057 6.329
sim_followup 4.358 0.000 5.770
Flavor: r-devel-linux-x86_64-debian-gcc