Last updated on 2025-04-30 04:50:13 CEST.
Flavor | Version | Tinstall | Tcheck | Ttotal | Status | Flags |
---|---|---|---|---|---|---|
r-devel-linux-x86_64-debian-clang | 0.1.15 | 9.68 | 95.23 | 104.91 | NOTE | |
r-devel-linux-x86_64-debian-gcc | 0.1.15 | 6.77 | 64.76 | 71.53 | OK | |
r-devel-linux-x86_64-fedora-clang | 0.1.15 | 152.47 | OK | |||
r-devel-linux-x86_64-fedora-gcc | 0.1.15 | 158.39 | OK | |||
r-devel-windows-x86_64 | 0.1.15 | 12.00 | 104.00 | 116.00 | OK | |
r-patched-linux-x86_64 | 0.1.15 | 10.23 | 89.81 | 100.04 | OK | |
r-release-linux-x86_64 | 0.1.15 | 9.75 | 89.70 | 99.45 | OK | |
r-release-macos-arm64 | 0.1.15 | 58.00 | OK | |||
r-release-macos-x86_64 | 0.1.15 | 94.00 | OK | |||
r-release-windows-x86_64 | 0.1.15 | 13.00 | 105.00 | 118.00 | OK | |
r-oldrel-macos-arm64 | 0.1.15 | 66.00 | OK | |||
r-oldrel-macos-x86_64 | 0.1.15 | 109.00 | OK | |||
r-oldrel-windows-x86_64 | 0.1.15 | 14.00 | 126.00 | 140.00 | OK |
Version: 0.1.15
Check: examples
Result: NOTE
Examples with CPU (user + system) or elapsed time > 5s
user system elapsed
File 5.972 0.253 7.721
Flavor: r-devel-linux-x86_64-debian-clang