Last updated on 2025-02-22 05:51:46 CET.
Flavor | Version | Tinstall | Tcheck | Ttotal | Status | Flags |
---|---|---|---|---|---|---|
r-devel-linux-x86_64-debian-clang | 0.1.0 | 3.02 | 22.75 | 25.77 | NOTE | |
r-devel-linux-x86_64-debian-gcc | 0.1.0 | 2.47 | 17.84 | 20.31 | NOTE | |
r-devel-linux-x86_64-fedora-clang | 0.1.0 | 41.60 | NOTE | |||
r-devel-linux-x86_64-fedora-gcc | 0.1.0 | 38.58 | NOTE | |||
r-devel-macos-arm64 | 0.1.0 | 17.00 | NOTE | |||
r-devel-macos-x86_64 | 0.1.0 | 24.00 | NOTE | |||
r-devel-windows-x86_64 | 0.1.0 | 4.00 | 45.00 | 49.00 | NOTE | |
r-patched-linux-x86_64 | 0.1.0 | 3.24 | 21.17 | 24.41 | NOTE | |
r-release-linux-x86_64 | 0.1.0 | 3.01 | 21.02 | 24.03 | NOTE | |
r-release-macos-arm64 | 0.1.0 | 18.00 | NOTE | |||
r-release-macos-x86_64 | 0.1.0 | 23.00 | NOTE | |||
r-release-windows-x86_64 | 0.1.0 | 4.00 | 43.00 | 47.00 | NOTE | |
r-oldrel-macos-arm64 | 0.1.0 | 18.00 | OK | |||
r-oldrel-macos-x86_64 | 0.1.0 | 26.00 | OK | |||
r-oldrel-windows-x86_64 | 0.1.0 | 5.00 | 46.00 | 51.00 | OK |
Version: 0.1.0
Check: Rd files
Result: NOTE
checkRd: (-1) MICS2014HH.Rd:214: Lost braces in \enumerate; meant \describe ?
checkRd: (-1) MICS2014HH.Rd:215: Lost braces in \enumerate; meant \describe ?
Flavors: r-devel-linux-x86_64-debian-clang, r-devel-linux-x86_64-debian-gcc, r-devel-linux-x86_64-fedora-clang, r-devel-linux-x86_64-fedora-gcc, r-devel-macos-arm64, r-devel-macos-x86_64, r-devel-windows-x86_64, r-patched-linux-x86_64, r-release-linux-x86_64, r-release-macos-arm64, r-release-macos-x86_64, r-release-windows-x86_64
Version: 0.1.0
Check: dependencies in R code
Result: NOTE
Namespace in Imports field not imported from: ‘stats’
All declared Imports should be used.
Flavors: r-devel-linux-x86_64-fedora-clang, r-devel-linux-x86_64-fedora-gcc