Last updated on 2025-02-21 03:52:21 CET.
Flavor | Version | Tinstall | Tcheck | Ttotal | Status | Flags |
---|---|---|---|---|---|---|
r-devel-linux-x86_64-debian-clang | 0.1.0 | 5.29 | 34.27 | 39.56 | NOTE | |
r-devel-linux-x86_64-debian-gcc | 0.1.0 | 3.80 | 25.88 | 29.68 | NOTE | |
r-devel-linux-x86_64-fedora-clang | 0.1.0 | 68.52 | NOTE | |||
r-devel-linux-x86_64-fedora-gcc | 0.1.0 | 77.65 | NOTE | |||
r-devel-macos-arm64 | 0.1.0 | 31.00 | NOTE | |||
r-devel-macos-x86_64 | 0.1.0 | 55.00 | NOTE | |||
r-devel-windows-x86_64 | 0.1.0 | 6.00 | 60.00 | 66.00 | NOTE | |
r-patched-linux-x86_64 | 0.1.0 | 5.10 | 32.47 | 37.57 | NOTE | |
r-release-linux-x86_64 | 0.1.0 | 4.76 | 32.13 | 36.89 | NOTE | |
r-release-macos-arm64 | 0.1.0 | 30.00 | NOTE | |||
r-release-macos-x86_64 | 0.1.0 | 42.00 | NOTE | |||
r-release-windows-x86_64 | 0.1.0 | 7.00 | 50.00 | 57.00 | NOTE | |
r-oldrel-macos-arm64 | 0.1.0 | 30.00 | OK | |||
r-oldrel-macos-x86_64 | 0.1.0 | 45.00 | OK | |||
r-oldrel-windows-x86_64 | 0.1.0 | 9.00 | 61.00 | 70.00 | OK |
Version: 0.1.0
Check: Rd files
Result: NOTE
checkRd: (-1) PakPMICS2018bh.Rd:88: Lost braces in \enumerate; meant \describe ?
checkRd: (-1) PakPMICS2018bh.Rd:89: Lost braces in \enumerate; meant \describe ?
Flavors: r-devel-linux-x86_64-debian-clang, r-devel-linux-x86_64-debian-gcc, r-devel-linux-x86_64-fedora-clang, r-devel-linux-x86_64-fedora-gcc, r-devel-macos-arm64, r-devel-macos-x86_64, r-devel-windows-x86_64, r-patched-linux-x86_64, r-release-linux-x86_64, r-release-macos-arm64, r-release-macos-x86_64, r-release-windows-x86_64