Last updated on 2025-04-30 04:50:13 CEST.
Flavor | Version | Tinstall | Tcheck | Ttotal | Status | Flags |
---|---|---|---|---|---|---|
r-devel-linux-x86_64-debian-clang | 2.4.5 | 7.99 | 74.78 | 82.77 | NOTE | |
r-devel-linux-x86_64-debian-gcc | 2.4.5 | 5.54 | 48.49 | 54.03 | OK | |
r-devel-linux-x86_64-fedora-clang | 2.4.5 | 130.04 | OK | |||
r-devel-linux-x86_64-fedora-gcc | 2.4.5 | 137.65 | OK | |||
r-devel-windows-x86_64 | 2.4.5 | 8.00 | 99.00 | 107.00 | OK | |
r-patched-linux-x86_64 | 2.4.5 | 9.02 | 70.46 | 79.48 | OK | |
r-release-linux-x86_64 | 2.4.5 | 7.58 | 68.49 | 76.07 | OK | |
r-release-macos-arm64 | 2.4.5 | 55.00 | OK | |||
r-release-macos-x86_64 | 2.4.5 | 81.00 | OK | |||
r-release-windows-x86_64 | 2.4.5 | 9.00 | 99.00 | 108.00 | OK | |
r-oldrel-macos-arm64 | 2.4.5 | 39.00 | OK | |||
r-oldrel-macos-x86_64 | 2.4.5 | 73.00 | OK | |||
r-oldrel-windows-x86_64 | 2.4.5 | 8.00 | 114.00 | 122.00 | OK |
Version: 2.4.5
Check: examples
Result: NOTE
Examples with CPU (user + system) or elapsed time > 5s
user system elapsed
Fit_References 6.086 0 7.689
Flavor: r-devel-linux-x86_64-debian-clang