CRAN Package Check Results for Package PartCensReg

Last updated on 2025-04-30 04:50:13 CEST.

Flavor Version Tinstall Tcheck Ttotal Status Flags
r-devel-linux-x86_64-debian-clang 1.39 8.15 63.17 71.32 NOTE
r-devel-linux-x86_64-debian-gcc 1.39 6.59 46.62 53.21 NOTE
r-devel-linux-x86_64-fedora-clang 1.39 111.17 OK
r-devel-linux-x86_64-fedora-gcc 1.39 104.99 OK
r-devel-windows-x86_64 1.39 9.00 77.00 86.00 OK
r-patched-linux-x86_64 1.39 8.20 60.38 68.58 OK
r-release-linux-x86_64 1.39 8.42 60.76 69.18 OK
r-release-macos-arm64 1.39 34.00 OK
r-release-macos-x86_64 1.39 66.00 OK
r-release-windows-x86_64 1.39 9.00 78.00 87.00 OK
r-oldrel-macos-arm64 1.39 33.00 OK
r-oldrel-macos-x86_64 1.39 47.00 OK
r-oldrel-windows-x86_64 1.39 11.00 92.00 103.00 OK

Check Details

Version: 1.39
Check: CRAN incoming feasibility
Result: NOTE Maintainer: ‘Marcela Nunez Lemus <marcela.nunez.lemus@gmail.com>’ No Authors@R field in DESCRIPTION. Please add one, modifying Authors@R: c(person(given = c("Marcela", "Nunez"), family = "Lemus", role = c("aut", "cre"), email = "marcela.nunez.lemus@gmail.com"), person(given = c("Christian", "E."), family = "Galarza", role = "aut"), person(given = c("Larissa", "Avila"), family = "Matos", role = "aut"), person(given = c("Victor", "H"), family = "Lachos", role = "aut")) as necessary. Flavors: r-devel-linux-x86_64-debian-clang, r-devel-linux-x86_64-debian-gcc