Last updated on 2025-04-30 04:50:14 CEST.
Flavor | Version | Tinstall | Tcheck | Ttotal | Status | Flags |
---|---|---|---|---|---|---|
r-devel-linux-x86_64-debian-clang | 2.0.1 | 8.39 | 53.22 | 61.61 | NOTE | |
r-devel-linux-x86_64-debian-gcc | 2.0.1 | 5.66 | 38.54 | 44.20 | NOTE | |
r-devel-linux-x86_64-fedora-clang | 2.0.1 | 90.22 | OK | |||
r-devel-linux-x86_64-fedora-gcc | 2.0.1 | 83.98 | OK | |||
r-devel-windows-x86_64 | 2.0.1 | 8.00 | 68.00 | 76.00 | OK | |
r-patched-linux-x86_64 | 2.0.1 | 7.67 | 51.79 | 59.46 | OK | |
r-release-linux-x86_64 | 2.0.1 | 7.79 | 50.16 | 57.95 | OK | |
r-release-macos-arm64 | 2.0.1 | 30.00 | OK | |||
r-release-macos-x86_64 | 2.0.1 | 51.00 | OK | |||
r-release-windows-x86_64 | 2.0.1 | 11.00 | 67.00 | 78.00 | OK | |
r-oldrel-macos-arm64 | 2.0.1 | 27.00 | OK | |||
r-oldrel-macos-x86_64 | 2.0.1 | 69.00 | OK | |||
r-oldrel-windows-x86_64 | 2.0.1 | 12.00 | 79.00 | 91.00 | OK |
Version: 2.0.1
Check: CRAN incoming feasibility
Result: NOTE
Maintainer: ‘Luca Belmonte <luca.belmonte@unimore.it>’
No Authors@R field in DESCRIPTION.
Please add one, modifying
Authors@R: c(person(given = "Luca",
family = "Belmonte",
role = c("aut", "cre"),
email = "luca.belmonte@unimore.it"),
person(given = c("Sheref", "S."),
family = "Mansy",
role = "aut",
email = "sheref.mansy@unitn.it"))
as necessary.
Found the following \keyword or \concept entries
which likely give several index terms:
File ‘PdPDB.Rd’:
\keyword{PDB,}
\keyword{alignment,}
\keyword{metal,}
\keyword{metalloproteins,}
\keyword{patterns,}
Flavors: r-devel-linux-x86_64-debian-clang, r-devel-linux-x86_64-debian-gcc