Last updated on 2025-04-30 04:50:14 CEST.
Flavor | Version | Tinstall | Tcheck | Ttotal | Status | Flags |
---|---|---|---|---|---|---|
r-devel-linux-x86_64-debian-clang | 2.3.1 | 6.88 | 66.14 | 73.02 | NOTE | |
r-devel-linux-x86_64-debian-gcc | 2.3.1 | 4.30 | 40.69 | 44.99 | NOTE | |
r-devel-linux-x86_64-fedora-clang | 2.3.1 | 114.77 | OK | |||
r-devel-linux-x86_64-fedora-gcc | 2.3.1 | 111.53 | OK | |||
r-devel-windows-x86_64 | 2.3.1 | 7.00 | 89.00 | 96.00 | OK | |
r-patched-linux-x86_64 | 2.3.1 | 7.50 | 63.24 | 70.74 | OK | |
r-release-linux-x86_64 | 2.3.1 | 6.48 | 61.72 | 68.20 | OK | |
r-release-macos-arm64 | 2.3.1 | 32.00 | OK | |||
r-release-macos-x86_64 | 2.3.1 | 64.00 | OK | |||
r-release-windows-x86_64 | 2.3.1 | 7.00 | 79.00 | 86.00 | OK | |
r-oldrel-macos-arm64 | 2.3.1 | 198.00 | OK | |||
r-oldrel-macos-x86_64 | 2.3.1 | 215.00 | OK | |||
r-oldrel-windows-x86_64 | 2.3.1 | 9.00 | 104.00 | 113.00 | OK |
Version: 2.3.1
Check: examples
Result: NOTE
Examples with CPU (user + system) or elapsed time > 5s
user system elapsed
alphaScreening 9.472 0.074 13.642
msharpeScreening 8.653 0.039 13.346
sharpeScreening 8.374 0.001 10.802
Flavor: r-devel-linux-x86_64-debian-clang
Version: 2.3.1
Check: examples
Result: NOTE
Examples with CPU (user + system) or elapsed time > 5s
user system elapsed
alphaScreening 4.774 0.019 6.805
msharpeScreening 4.249 0.016 6.655
sharpeScreening 4.062 0.009 6.132
Flavor: r-devel-linux-x86_64-debian-gcc