Last updated on 2025-04-30 04:50:14 CEST.
Flavor | Version | Tinstall | Tcheck | Ttotal | Status | Flags |
---|---|---|---|---|---|---|
r-devel-linux-x86_64-debian-clang | 1.0.0 | 6.04 | 54.24 | 60.28 | NOTE | |
r-devel-linux-x86_64-debian-gcc | 1.0.0 | 4.74 | 39.92 | 44.66 | NOTE | |
r-devel-linux-x86_64-fedora-clang | 1.0.0 | 94.05 | OK | |||
r-devel-linux-x86_64-fedora-gcc | 1.0.0 | 90.57 | OK | |||
r-devel-windows-x86_64 | 1.0.0 | 7.00 | 77.00 | 84.00 | OK | |
r-patched-linux-x86_64 | 1.0.0 | 5.28 | 52.87 | 58.15 | OK | |
r-release-linux-x86_64 | 1.0.0 | 6.27 | 51.54 | 57.81 | OK | |
r-release-macos-arm64 | 1.0.0 | 34.00 | OK | |||
r-release-macos-x86_64 | 1.0.0 | 61.00 | OK | |||
r-release-windows-x86_64 | 1.0.0 | 7.00 | 73.00 | 80.00 | OK | |
r-oldrel-macos-arm64 | 1.0.0 | 30.00 | NOTE | |||
r-oldrel-macos-x86_64 | 1.0.0 | 65.00 | NOTE | |||
r-oldrel-windows-x86_64 | 1.0.0 | 9.00 | 81.00 | 90.00 | NOTE |
Version: 1.0.0
Check: CRAN incoming feasibility
Result: NOTE
Maintainer: ‘Yan Liu <yanliuresearch@gmail.com>’
The Description field contains
(2019) <arXiv:1912.11703>.
Please refer to arXiv e-prints via their arXiv DOI <doi:10.48550/arXiv.YYMM.NNNNN>.
Flavors: r-devel-linux-x86_64-debian-clang, r-devel-linux-x86_64-debian-gcc
Version: 1.0.0
Check: LazyData
Result: NOTE
'LazyData' is specified without a 'data' directory
Flavors: r-oldrel-macos-arm64, r-oldrel-macos-x86_64, r-oldrel-windows-x86_64