Last updated on 2025-04-30 04:50:14 CEST.
Flavor | Version | Tinstall | Tcheck | Ttotal | Status | Flags |
---|---|---|---|---|---|---|
r-devel-linux-x86_64-debian-clang | 2.1 | 35.72 | 63.42 | 99.14 | NOTE | |
r-devel-linux-x86_64-debian-gcc | 2.1 | 22.91 | 45.13 | 68.04 | NOTE | |
r-devel-linux-x86_64-fedora-clang | 2.1 | 161.32 | OK | |||
r-devel-linux-x86_64-fedora-gcc | 2.1 | 156.69 | OK | |||
r-devel-windows-x86_64 | 2.1 | 37.00 | 111.00 | 148.00 | OK | |
r-patched-linux-x86_64 | 2.1 | 34.83 | 59.43 | 94.26 | OK | |
r-release-linux-x86_64 | 2.1 | 34.44 | 59.51 | 93.95 | OK | |
r-release-macos-arm64 | 2.1 | 49.00 | OK | |||
r-release-macos-x86_64 | 2.1 | 91.00 | OK | |||
r-release-windows-x86_64 | 2.1 | 36.00 | 107.00 | 143.00 | OK | |
r-oldrel-macos-arm64 | 2.1 | 45.00 | NOTE | |||
r-oldrel-macos-x86_64 | 2.1 | 75.00 | NOTE | |||
r-oldrel-windows-x86_64 | 2.1 | 43.00 | 126.00 | 169.00 | NOTE |
Version: 2.1
Check: CRAN incoming feasibility
Result: NOTE
Maintainer: ‘Andrew G Chapple <achapp@lsuhsc.edu>’
No Authors@R field in DESCRIPTION.
Please add one, modifying
Authors@R: person(given = c("Andrew", "G"),
family = "Chapple",
role = c("aut", "cre"),
email = "achapp@lsuhsc.edu")
as necessary.
Flavors: r-devel-linux-x86_64-debian-clang, r-devel-linux-x86_64-debian-gcc
Version: 2.1
Check: LazyData
Result: NOTE
'LazyData' is specified without a 'data' directory
Flavors: r-oldrel-macos-arm64, r-oldrel-macos-x86_64, r-oldrel-windows-x86_64