Last updated on 2025-04-30 04:50:14 CEST.
Flavor | Version | Tinstall | Tcheck | Ttotal | Status | Flags |
---|---|---|---|---|---|---|
r-devel-linux-x86_64-debian-clang | 1.2.1 | 9.31 | 245.39 | 254.70 | NOTE | |
r-devel-linux-x86_64-debian-gcc | 1.2.1 | 6.66 | 169.52 | 176.18 | OK | |
r-devel-linux-x86_64-fedora-clang | 1.2.1 | 442.48 | OK | |||
r-devel-linux-x86_64-fedora-gcc | 1.2.1 | 474.53 | OK | |||
r-devel-windows-x86_64 | 1.2.1 | 10.00 | 247.00 | 257.00 | OK | |
r-patched-linux-x86_64 | 1.2.1 | 9.43 | 242.34 | 251.77 | OK | |
r-release-linux-x86_64 | 1.2.1 | 9.42 | 239.75 | 249.17 | OK | |
r-release-macos-arm64 | 1.2.1 | 160.00 | OK | |||
r-release-macos-x86_64 | 1.2.1 | 314.00 | OK | |||
r-release-windows-x86_64 | 1.2.1 | 11.00 | 247.00 | 258.00 | OK | |
r-oldrel-macos-arm64 | 1.2.1 | 146.00 | OK | |||
r-oldrel-macos-x86_64 | 1.2.1 | 218.00 | NOTE | |||
r-oldrel-windows-x86_64 | 1.2.1 | 12.00 | 321.00 | 333.00 | OK |
Version: 1.2.1
Check: examples
Result: NOTE
Examples with CPU (user + system) or elapsed time > 5s
user system elapsed
PheCAP-package 5.172 0.207 7.719
Flavor: r-devel-linux-x86_64-debian-clang
Version: 1.2.1
Check: installed package size
Result: NOTE
installed size is 5.4Mb
sub-directories of 1Mb or more:
data 3.4Mb
doc 1.9Mb
Flavor: r-oldrel-macos-x86_64