Last updated on 2025-04-30 04:50:14 CEST.
Flavor | Version | Tinstall | Tcheck | Ttotal | Status | Flags |
---|---|---|---|---|---|---|
r-devel-linux-x86_64-debian-clang | 1.3.2 | 12.29 | 448.11 | 460.40 | NOTE | |
r-devel-linux-x86_64-debian-gcc | 1.3.2 | 7.24 | 257.93 | 265.17 | NOTE | |
r-devel-linux-x86_64-fedora-clang | 1.3.2 | 735.28 | OK | |||
r-devel-linux-x86_64-fedora-gcc | 1.3.2 | 704.90 | OK | |||
r-devel-windows-x86_64 | 1.3.2 | 13.00 | 380.00 | 393.00 | OK | |
r-patched-linux-x86_64 | 1.3.2 | 20.08 | 425.80 | 445.88 | OK | |
r-release-linux-x86_64 | 1.3.2 | 11.39 | 422.35 | 433.74 | OK | |
r-release-macos-arm64 | 1.3.2 | 173.00 | OK | |||
r-release-macos-x86_64 | 1.3.2 | 362.00 | OK | |||
r-release-windows-x86_64 | 1.3.2 | 13.00 | 382.00 | 395.00 | OK | |
r-oldrel-macos-arm64 | 1.3.2 | 162.00 | OK | |||
r-oldrel-macos-x86_64 | 1.3.2 | 391.00 | OK | |||
r-oldrel-windows-x86_64 | 1.3.2 | 12.00 | 527.00 | 539.00 | OK |
Version: 1.3.2
Check: examples
Result: NOTE
Examples with CPU (user + system) or elapsed time > 5s
user system elapsed
confidence_intervals_c3_aci 7.828 0.016 9.219
confidence_intervals_c4_aci 7.568 0.040 9.209
fit_c3_variable_j 6.851 0.024 10.322
fit_c3_aci 6.659 0.020 9.927
initial_guess_c3_variable_j 5.341 0.008 6.497
fit_c4_aci 5.324 0.008 6.239
initial_guess_c3_aci 4.786 0.008 6.380
calculate_c3_limitations_grassi 4.510 0.019 6.336
calculate_jmax 4.401 0.012 6.132
calculate_c3_limitations_warren 4.356 0.028 5.447
plot_c3_aci_fit 4.339 0.004 5.139
plot_c4_aci_fit 4.335 0.004 5.329
Flavor: r-devel-linux-x86_64-debian-clang
Version: 1.3.2
Check: examples
Result: NOTE
Examples with CPU (user + system) or elapsed time > 5s
user system elapsed
fit_c3_variable_j 4.04 0.015 6.052
Flavor: r-devel-linux-x86_64-debian-gcc