CRAN Package Check Results for Package Pijavski

Last updated on 2025-04-30 04:50:14 CEST.

Flavor Version Tinstall Tcheck Ttotal Status Flags
r-devel-linux-x86_64-debian-clang 1.0.3 8.92 21.55 30.47 NOTE
r-devel-linux-x86_64-debian-gcc 1.0.3 6.14 16.88 23.02 NOTE
r-devel-linux-x86_64-fedora-clang 1.0.3 53.09 NOTE
r-devel-linux-x86_64-fedora-gcc 1.0.3 46.92 NOTE
r-devel-windows-x86_64 1.0.3 12.00 66.00 78.00 NOTE
r-patched-linux-x86_64 1.0.3 8.23 20.89 29.12 NOTE
r-release-linux-x86_64 1.0.3 7.33 20.64 27.97 NOTE
r-release-macos-arm64 1.0.3 21.00 NOTE
r-release-macos-x86_64 1.0.3 31.00 NOTE
r-release-windows-x86_64 1.0.3 12.00 65.00 77.00 NOTE
r-oldrel-macos-arm64 1.0.3 21.00 NOTE
r-oldrel-macos-x86_64 1.0.3 40.00 NOTE
r-oldrel-windows-x86_64 1.0.3 12.00 67.00 79.00 NOTE

Check Details

Version: 1.0.3
Check: C++ specification
Result: NOTE Specified C++11: please drop specification unless essential Flavors: r-devel-linux-x86_64-debian-clang, r-devel-linux-x86_64-debian-gcc, r-devel-linux-x86_64-fedora-clang, r-devel-linux-x86_64-fedora-gcc, r-devel-windows-x86_64, r-patched-linux-x86_64, r-release-linux-x86_64, r-release-macos-arm64, r-release-macos-x86_64, r-release-windows-x86_64, r-oldrel-macos-arm64, r-oldrel-macos-x86_64, r-oldrel-windows-x86_64

Version: 1.0.3
Check: LazyData
Result: NOTE 'LazyData' is specified without a 'data' directory Flavors: r-oldrel-macos-arm64, r-oldrel-macos-x86_64, r-oldrel-windows-x86_64