CRAN Package Check Results for Package Plasmidprofiler

Last updated on 2025-04-30 04:50:14 CEST.

Flavor Version Tinstall Tcheck Ttotal Status Flags
r-devel-linux-x86_64-debian-clang 0.1.6 7.63 65.65 73.28 NOTE
r-devel-linux-x86_64-debian-gcc 0.1.6 5.61 44.91 50.52 NOTE
r-devel-linux-x86_64-fedora-clang 0.1.6 107.33 NOTE
r-devel-linux-x86_64-fedora-gcc 0.1.6 99.41 NOTE
r-devel-windows-x86_64 0.1.6 10.00 87.00 97.00 OK
r-patched-linux-x86_64 0.1.6 7.89 62.59 70.48 NOTE
r-release-linux-x86_64 0.1.6 5.17 61.24 66.41 NOTE
r-release-macos-arm64 0.1.6 33.00 OK
r-release-macos-x86_64 0.1.6 77.00 OK
r-release-windows-x86_64 0.1.6 10.00 81.00 91.00 OK
r-oldrel-macos-arm64 0.1.6 36.00 OK
r-oldrel-macos-x86_64 0.1.6 51.00 OK
r-oldrel-windows-x86_64 0.1.6 12.00 105.00 117.00 OK

Check Details

Version: 0.1.6
Check: examples
Result: NOTE Examples with CPU (user + system) or elapsed time > 5s user system elapsed main 4.249 0.269 5.615 Flavor: r-devel-linux-x86_64-debian-clang

Version: 0.1.6
Check: for non-standard things in the check directory
Result: NOTE Found the following files/directories: ‘P2Run.csv’ ‘P2Run.html’ ‘P2Run.png’ Flavors: r-devel-linux-x86_64-debian-clang, r-devel-linux-x86_64-debian-gcc, r-devel-linux-x86_64-fedora-clang, r-devel-linux-x86_64-fedora-gcc, r-patched-linux-x86_64, r-release-linux-x86_64