Last updated on 2025-02-21 03:52:22 CET.
Flavor | Version | Tinstall | Tcheck | Ttotal | Status | Flags |
---|---|---|---|---|---|---|
r-devel-linux-x86_64-debian-clang | 1.4.3 | 14.68 | 108.20 | 122.88 | OK | |
r-devel-linux-x86_64-debian-gcc | 1.4.3 | 10.03 | 75.57 | 85.60 | OK | |
r-devel-linux-x86_64-fedora-clang | 1.4.3 | 215.28 | NOTE | |||
r-devel-linux-x86_64-fedora-gcc | 1.4.3 | 212.55 | NOTE | |||
r-devel-macos-arm64 | 1.4.3 | 67.00 | OK | |||
r-devel-macos-x86_64 | 1.4.3 | 127.00 | OK | |||
r-devel-windows-x86_64 | 1.4.3 | 19.00 | 206.00 | 225.00 | OK | |
r-patched-linux-x86_64 | 1.4.3 | 13.05 | 99.85 | 112.90 | OK | |
r-release-linux-x86_64 | 1.4.3 | 14.82 | 99.91 | 114.73 | OK | |
r-release-macos-arm64 | 1.4.3 | 62.00 | OK | |||
r-release-macos-x86_64 | 1.4.3 | 95.00 | OK | |||
r-release-windows-x86_64 | 1.4.3 | 19.00 | 186.00 | 205.00 | OK | |
r-oldrel-macos-arm64 | 1.4.3 | 68.00 | OK | |||
r-oldrel-macos-x86_64 | 1.4.3 | 108.00 | OK | |||
r-oldrel-windows-x86_64 | 1.4.3 | 24.00 | 199.00 | 223.00 | OK |
Version: 1.4.3
Check: dependencies in R code
Result: NOTE
Namespace in Imports field not imported from: ‘dplyr’
All declared Imports should be used.
Flavors: r-devel-linux-x86_64-fedora-clang, r-devel-linux-x86_64-fedora-gcc