CRAN Package Check Results for Package PoDBAY

Last updated on 2025-04-30 04:50:14 CEST.

Flavor Version Tinstall Tcheck Ttotal Status Flags
r-devel-linux-x86_64-debian-clang 1.4.3 15.03 113.78 128.81 OK
r-devel-linux-x86_64-debian-gcc 1.4.3 10.60 79.06 89.66 OK
r-devel-linux-x86_64-fedora-clang 1.4.3 202.38 NOTE
r-devel-linux-x86_64-fedora-gcc 1.4.3 207.32 NOTE
r-devel-windows-x86_64 1.4.3 20.00 232.00 252.00 OK
r-patched-linux-x86_64 1.4.3 15.23 108.93 124.16 OK
r-release-linux-x86_64 1.4.3 15.30 106.62 121.92 OK
r-release-macos-arm64 1.4.3 65.00 OK
r-release-macos-x86_64 1.4.3 118.00 OK
r-release-windows-x86_64 1.4.3 21.00 189.00 210.00 OK
r-oldrel-macos-arm64 1.4.3 62.00 OK
r-oldrel-macos-x86_64 1.4.3 95.00 OK
r-oldrel-windows-x86_64 1.4.3 24.00 224.00 248.00 OK

Check Details

Version: 1.4.3
Check: dependencies in R code
Result: NOTE Namespace in Imports field not imported from: ‘dplyr’ All declared Imports should be used. Flavors: r-devel-linux-x86_64-fedora-clang, r-devel-linux-x86_64-fedora-gcc