Last updated on 2025-11-03 03:49:50 CET.
| Flavor | Version | Tinstall | Tcheck | Ttotal | Status | Flags |
|---|---|---|---|---|---|---|
| r-devel-linux-x86_64-debian-clang | 1.4.3 | 15.01 | 127.74 | 142.75 | OK | |
| r-devel-linux-x86_64-debian-gcc | 1.4.3 | 11.25 | 90.51 | 101.76 | OK | |
| r-devel-linux-x86_64-fedora-clang | 1.4.3 | 47.00 | 189.55 | 236.55 | NOTE | |
| r-devel-linux-x86_64-fedora-gcc | 1.4.3 | 32.00 | 203.15 | 235.15 | NOTE | |
| r-devel-windows-x86_64 | 1.4.3 | 21.00 | 199.00 | 220.00 | OK | |
| r-patched-linux-x86_64 | 1.4.3 | 15.88 | 119.00 | 134.88 | OK | |
| r-release-linux-x86_64 | 1.4.3 | 14.89 | 120.94 | 135.83 | OK | |
| r-release-macos-arm64 | 1.4.3 | 7.00 | 58.00 | 65.00 | OK | |
| r-release-macos-x86_64 | 1.4.3 | 12.00 | 106.00 | 118.00 | OK | |
| r-release-windows-x86_64 | 1.4.3 | 22.00 | 209.00 | 231.00 | OK | |
| r-oldrel-macos-arm64 | 1.4.3 | 7.00 | 55.00 | 62.00 | OK | |
| r-oldrel-macos-x86_64 | 1.4.3 | 11.00 | 84.00 | 95.00 | OK | |
| r-oldrel-windows-x86_64 | 1.4.3 | 25.00 | 225.00 | 250.00 | OK |
Version: 1.4.3
Check: dependencies in R code
Result: NOTE
Namespace in Imports field not imported from: ‘dplyr’
All declared Imports should be used.
Flavors: r-devel-linux-x86_64-fedora-clang, r-devel-linux-x86_64-fedora-gcc