Last updated on 2025-04-30 04:50:14 CEST.
Flavor | Version | Tinstall | Tcheck | Ttotal | Status | Flags |
---|---|---|---|---|---|---|
r-devel-linux-x86_64-debian-clang | 1.1 | 1.65 | 22.08 | 23.73 | NOTE | |
r-devel-linux-x86_64-debian-gcc | 1.1 | 1.45 | 16.22 | 17.67 | OK | |
r-devel-linux-x86_64-fedora-clang | 1.1 | 37.17 | OK | |||
r-devel-linux-x86_64-fedora-gcc | 1.1 | 36.54 | OK | |||
r-devel-windows-x86_64 | 1.1 | 2.00 | 47.00 | 49.00 | OK | |
r-patched-linux-x86_64 | 1.1 | 1.66 | 21.48 | 23.14 | OK | |
r-release-linux-x86_64 | 1.1 | 1.62 | 20.81 | 22.43 | OK | |
r-release-macos-arm64 | 1.1 | 18.00 | OK | |||
r-release-macos-x86_64 | 1.1 | 25.00 | OK | |||
r-release-windows-x86_64 | 1.1 | 3.00 | 44.00 | 47.00 | OK | |
r-oldrel-macos-arm64 | 1.1 | 21.00 | OK | |||
r-oldrel-macos-x86_64 | 1.1 | 22.00 | OK | |||
r-oldrel-windows-x86_64 | 1.1 | 4.00 | 45.00 | 49.00 | OK |
Version: 1.1
Check: examples
Result: NOTE
Examples with CPU (user + system) or elapsed time > 5s
user system elapsed
PoSI-package 3.718 0.684 5.855
Flavor: r-devel-linux-x86_64-debian-clang