CRAN Package Check Results for Package PoiClaClu

Last updated on 2025-04-30 04:50:14 CEST.

Flavor Version Tinstall Tcheck Ttotal Status Flags
r-devel-linux-x86_64-debian-clang 1.0.2.1 2.12 22.15 24.27 NOTE
r-devel-linux-x86_64-debian-gcc 1.0.2.1 1.65 17.19 18.84 NOTE
r-devel-linux-x86_64-fedora-clang 1.0.2.1 37.22 OK
r-devel-linux-x86_64-fedora-gcc 1.0.2.1 36.35 OK
r-devel-windows-x86_64 1.0.2.1 3.00 47.00 50.00 OK
r-patched-linux-x86_64 1.0.2.1 2.42 20.89 23.31 OK
r-release-linux-x86_64 1.0.2.1 1.80 20.79 22.59 OK
r-release-macos-arm64 1.0.2.1 16.00 OK
r-release-macos-x86_64 1.0.2.1 25.00 OK
r-release-windows-x86_64 1.0.2.1 3.00 47.00 50.00 OK
r-oldrel-macos-arm64 1.0.2.1 16.00 OK
r-oldrel-macos-x86_64 1.0.2.1 22.00 OK
r-oldrel-windows-x86_64 1.0.2.1 3.00 45.00 48.00 OK

Check Details

Version: 1.0.2.1
Check: CRAN incoming feasibility
Result: NOTE Maintainer: ‘Daniela Witten <dwitten@u.washington.edu>’ No Authors@R field in DESCRIPTION. Please add one, modifying Authors@R: person(given = "Daniela", family = "Witten", role = c("aut", "cre"), email = "dwitten@u.washington.edu") as necessary. Flavors: r-devel-linux-x86_64-debian-clang, r-devel-linux-x86_64-debian-gcc