Last updated on 2025-04-29 04:50:13 CEST.
Flavor | Version | Tinstall | Tcheck | Ttotal | Status | Flags |
---|---|---|---|---|---|---|
r-devel-linux-x86_64-debian-clang | 2.1.3 | 45.50 | 368.47 | 413.97 | OK | |
r-devel-linux-x86_64-debian-gcc | 2.1.3 | 29.26 | 239.40 | 268.66 | OK | |
r-devel-linux-x86_64-fedora-clang | 2.1.3 | 670.61 | OK | |||
r-devel-linux-x86_64-fedora-gcc | 2.1.3 | 644.07 | OK | |||
r-devel-windows-x86_64 | 2.1.3 | 42.00 | 305.00 | 347.00 | OK | |
r-patched-linux-x86_64 | 2.1.3 | 42.19 | 345.32 | 387.51 | OK | |
r-release-linux-x86_64 | 2.1.3 | 40.23 | 347.54 | 387.77 | OK | |
r-release-macos-arm64 | 2.1.3 | 195.00 | OK | |||
r-release-macos-x86_64 | 2.1.3 | 309.00 | OK | |||
r-release-windows-x86_64 | 2.1.3 | 44.00 | 309.00 | 353.00 | OK | |
r-oldrel-macos-arm64 | 2.1.3 | 154.00 | NOTE | |||
r-oldrel-macos-x86_64 | 2.1.3 | 305.00 | NOTE | |||
r-oldrel-windows-x86_64 | 2.1.3 | 60.00 | 408.00 | 468.00 | OK |
Version: 2.1.3
Check: package dependencies
Result: NOTE
Package suggested but not available for checking: ‘INLA’
Flavors: r-oldrel-macos-arm64, r-oldrel-macos-x86_64
Version: 2.1.3
Check: Rd cross-references
Result: NOTE
Package unavailable to check Rd xrefs: ‘INLA’
Flavors: r-oldrel-macos-arm64, r-oldrel-macos-x86_64