Last updated on 2025-04-30 04:50:14 CEST.
Flavor | Version | Tinstall | Tcheck | Ttotal | Status | Flags |
---|---|---|---|---|---|---|
r-devel-linux-x86_64-debian-clang | 1.4.3 | 6.35 | 54.36 | 60.71 | NOTE | |
r-devel-linux-x86_64-debian-gcc | 1.4.3 | 5.17 | 39.92 | 45.09 | NOTE | |
r-devel-linux-x86_64-fedora-clang | 1.4.3 | 94.35 | OK | |||
r-devel-linux-x86_64-fedora-gcc | 1.4.3 | 89.96 | OK | |||
r-devel-windows-x86_64 | 1.4.3 | 8.00 | 69.00 | 77.00 | OK | |
r-patched-linux-x86_64 | 1.4.3 | 6.44 | 51.99 | 58.43 | OK | |
r-release-linux-x86_64 | 1.4.3 | 7.18 | 52.14 | 59.32 | OK | |
r-release-macos-arm64 | 1.4.3 | 32.00 | OK | |||
r-release-macos-x86_64 | 1.4.3 | 58.00 | OK | |||
r-release-windows-x86_64 | 1.4.3 | 8.00 | 69.00 | 77.00 | OK | |
r-oldrel-macos-arm64 | 1.4.3 | 28.00 | OK | |||
r-oldrel-macos-x86_64 | 1.4.3 | 43.00 | OK | |||
r-oldrel-windows-x86_64 | 1.4.3 | 9.00 | 82.00 | 91.00 | OK |
Version: 1.4.3
Check: CRAN incoming feasibility
Result: NOTE
Maintainer: ‘Ran Gao <rgao8@uic.edu>’
No Authors@R field in DESCRIPTION.
Please add one, modifying
Authors@R: c(person(given = "Gul",
family = "Inan",
role = "aut"),
person(given = "Hakan",
family = "Demirtas",
role = "aut"),
person(given = "Ran",
family = "Gao",
role = c("aut", "cre"),
email = "rgao8@uic.edu"))
as necessary.
Flavors: r-devel-linux-x86_64-debian-clang, r-devel-linux-x86_64-debian-gcc