CRAN Package Check Results for Package PoisNor

Last updated on 2025-04-30 04:50:14 CEST.

Flavor Version Tinstall Tcheck Ttotal Status Flags
r-devel-linux-x86_64-debian-clang 1.3.3 6.15 51.86 58.01 NOTE
r-devel-linux-x86_64-debian-gcc 1.3.3 4.40 38.53 42.93 NOTE
r-devel-linux-x86_64-fedora-clang 1.3.3 88.62 OK
r-devel-linux-x86_64-fedora-gcc 1.3.3 85.11 OK
r-devel-windows-x86_64 1.3.3 7.00 68.00 75.00 OK
r-patched-linux-x86_64 1.3.3 5.92 49.73 55.65 OK
r-release-linux-x86_64 1.3.3 6.03 49.98 56.01 OK
r-release-macos-arm64 1.3.3 31.00 OK
r-release-macos-x86_64 1.3.3 53.00 OK
r-release-windows-x86_64 1.3.3 7.00 67.00 74.00 OK
r-oldrel-macos-arm64 1.3.3 30.00 OK
r-oldrel-macos-x86_64 1.3.3 42.00 OK
r-oldrel-windows-x86_64 1.3.3 8.00 77.00 85.00 OK

Check Details

Version: 1.3.3
Check: CRAN incoming feasibility
Result: NOTE Maintainer: ‘Ran Gao <rgao8@uic.edu>’ No Authors@R field in DESCRIPTION. Please add one, modifying Authors@R: c(person(given = "Anup", family = "Amatya", role = "aut"), person(given = "Hakan", family = "Demirtas", role = "aut"), person(given = "Ran", family = "Gao", role = c("aut", "cre"), email = "rgao8@uic.edu")) as necessary. Flavors: r-devel-linux-x86_64-debian-clang, r-devel-linux-x86_64-debian-gcc